{"id":1659,"date":"2016-08-30T13:03:18","date_gmt":"2016-08-30T11:03:18","guid":{"rendered":"http:\/\/beauty.kbsolution.pl\/?page_id=1659"},"modified":"2019-10-25T14:34:15","modified_gmt":"2019-10-25T12:34:15","slug":"ceenik-salon-fryzjerski","status":"publish","type":"page","link":"https:\/\/beauty-center.pl\/index.php\/ceenik-salon-fryzjerski\/","title":{"rendered":"CEENIK &#8211; SALON FRYZJERSKI"},"content":{"rendered":"<div  class=\"ui--tagline-box-wrapper ui--animation clearfix\"><div  id=\"tagline-1\" class=\"ui--tagline-box ui-row clearfix ui--tagline-box-custom-color radius-3px\" data-responsive=\"{&quot;css&quot;:{&quot;min-height&quot;:{&quot;phone&quot;:&quot;auto&quot;,&quot;tablet&quot;:&quot;auto&quot;,&quot;widescreen&quot;:&quot;&quot;}}}\"><div  class=\"ui--tagline-background-container ui--tagline-background-overlay radius-3px\"><\/div><div  class=\"ui--tagline-background-container ui--tagline-background-image radius-3px\"><\/div><div  class=\"ui--tagline-content\"><div class=\"ui-row row\">\n <div   class=\"ui-column span4\"><div id=\"nav_menu-6\" class=\"widget widget_nav_menu\"><h4 class=\"sidebar-widget-title ui--widget-title\"><span>FRYZJERSTWO<\/span><\/h4><div class=\"menu-uslugi-fryzjerskie-container\"><ul id=\"menu-uslugi-fryzjerskie\" class=\"menu\"><li id=\"menu-item-1662\" class=\"menu-item menu-item-type-post_type menu-item-object-page depth-0 to-right\"><a href=\"https:\/\/beauty-center.pl\/index.php\/ceenik-salon-fryzjerski\/\">CENNIK \u2013 SALON FRYZJERSKI<\/a><\/li>\n<li id=\"menu-item-1665\" class=\"menu-item menu-item-type-post_type menu-item-object-page depth-0 to-right\"><a href=\"https:\/\/beauty-center.pl\/index.php\/keratynowy-zabieg-odbudowujacy-wlosy\/\">KERATYNOWY ZABIEG ODBUDOWUJ\u0104CY W\u0141OSY<\/a><\/li>\n<li id=\"menu-item-2863\" class=\"menu-item menu-item-type-post_type menu-item-object-page depth-0 to-right\"><a href=\"https:\/\/beauty-center.pl\/index.php\/przedluzanie-wlosow-metoda-ultradzwiekowa\/\">PRZED\u0141U\u017bANIE W\u0141OS\u00d3W METOD\u0104 ULTRAD\u0179WI\u0118KOW\u0104<\/a><\/li>\n<li id=\"menu-item-2874\" class=\"menu-item menu-item-type-post_type menu-item-object-page depth-0 to-right\"><a href=\"https:\/\/beauty-center.pl\/index.php\/przedluzanie-wlosow-metoda-keratynowa\/\">PRZED\u0141U\u017bANIE W\u0141OS\u00d3W METOD\u0104 KERATYNOW\u0104<\/a><\/li>\n<li id=\"menu-item-1663\" class=\"menu-item menu-item-type-post_type menu-item-object-page depth-0 to-right\"><a href=\"https:\/\/beauty-center.pl\/index.php\/gorace-nozyczki\/\">GOR\u0104CE NO\u017bYCZKI<\/a><\/li>\n<li id=\"menu-item-1664\" class=\"menu-item menu-item-type-post_type menu-item-object-page depth-0 to-right\"><a href=\"https:\/\/beauty-center.pl\/index.php\/salon-fryzjerski\/\">SALON FRYZJERSKI<\/a><\/li>\n<li id=\"menu-item-1937\" class=\"menu-item menu-item-type-post_type menu-item-object-page depth-0 to-right\"><a href=\"https:\/\/beauty-center.pl\/index.php\/1933-2\/\">KERATYNOWE PROSTOWANIE W\u0141OS\u00d3W<\/a><\/li>\n<li id=\"menu-item-1964\" class=\"menu-item menu-item-type-post_type menu-item-object-page depth-0 to-right\"><a href=\"https:\/\/beauty-center.pl\/index.php\/swiatloterapia-sauna-magnetique-led-z-ozonem\/\">\u015aWIAT\u0141OTERAPIA SAUN\u0104 MAGNETIQUE LED Z OZONEM<\/a><\/li>\n<\/ul><\/div><\/div><div class=\"auto-format ui--animation\"><\/div><\/div> \n\n <div   class=\"ui-column span8\"><div class=\"auto-format ui--animation\"><p><div class=\"supsystic-table-loader spinner\"style=\"background-color:#000000\"><\/div><div id=\"supsystic-table-1_83461\" class=\"supsystic-tables-wrap \" style=\" width:100%; visibility: hidden; \" data-table-width-fixed=\"100%\" data-table-width-mobile=\"100%\" ><table id=\"supsystic-table-1\" class=\"supsystic-table border lightboxImg cell-border\" data-id=\"1\" data-view-id=\"1_83461\" data-title=\"CENNIK FRYZJERSTWO\" data-currency-format=\"$1,000.00\" data-percent-format=\"10.00%\" data-date-format=\"DD.MM.YYYY\" data-time-format=\"HH:mm\" data-features=\"[&quot;after_table_loaded_script&quot;]\" data-search-value=\"\" data-lightbox-img=\"\" data-head-rows-count=\"1\" data-pagination-length=\"50,100,All\" data-auto-index=\"off\" data-searching-settings=\"{&quot;columnSearchPosition&quot;:&quot;bottom&quot;,&quot;minChars&quot;:&quot;0&quot;}\" data-lang=\"default\" data-override=\"{&quot;emptyTable&quot;:&quot;&quot;,&quot;info&quot;:&quot;&quot;,&quot;infoEmpty&quot;:&quot;&quot;,&quot;infoFiltered&quot;:&quot;&quot;,&quot;lengthMenu&quot;:&quot;&quot;,&quot;search&quot;:&quot;&quot;,&quot;previous&quot;:&quot;&quot;,&quot;next&quot;:&quot;&quot;,&quot;zeroRecords&quot;:&quot;&quot;,&quot;exportLabel&quot;:&quot;&quot;,&quot;file&quot;:&quot;default&quot;}\" data-merged=\"[]\" data-responsive-mode=\"0\" data-from-history=\"0\" ><thead><tr><th class=\"\" style=\"width:; padding: 0 !important;\"><\/th><th class=\"\" style=\"width:; padding: 0 !important;\"><\/th><\/tr><\/thead><tbody><tr style=\"height:px\" ><td data-cell-id=\"A1\" data-x=\"0\" data-y=\"1\" data-db-index=\"1\" class=\"\" data-cell-type=\"text\" data-original-value=\"&lt;strong&gt;STRZY\u017bENIE DAMSKIE:&lt;\/strong&gt;&lt;\/br&gt; *w\u0142osy kr\u00f3tkie&lt;\/br&gt; *w\u0142osy \u015brednie&lt;\/br&gt; *w\u0142osy d\u0142ugie&lt;\/br&gt;\" data-order=\"&lt;strong&gt;STRZY\u017bENIE DAMSKIE:&lt;\/strong&gt;&lt;\/br&gt; *w\u0142osy kr\u00f3tkie&lt;\/br&gt; *w\u0142osy \u015brednie&lt;\/br&gt; *w\u0142osy d\u0142ugie&lt;\/br&gt;\" style=\"min-width:76.1128%; \" ><strong>STRZY\u017bENIE DAMSKIE:<\/strong><\/br> *w\u0142osy kr\u00f3tkie<\/br> *w\u0142osy \u015brednie<\/br> *w\u0142osy d\u0142ugie<\/br><\/td><td data-cell-id=\"B1\" data-x=\"1\" data-y=\"1\" data-db-index=\"1\" class=\"htCenter\" data-cell-type=\"text\" data-original-value=\"&lt;\/br&gt;70z\u0142&lt;\/br&gt;75-90z\u0142&lt;\/br&gt;80-110z\u0142&lt;\/br&gt;\" data-order=\"&lt;\/br&gt;70z\u0142&lt;\/br&gt;75-90z\u0142&lt;\/br&gt;80-110z\u0142&lt;\/br&gt;\" style=\"min-width:23.8872%; \" ><\/br>70z\u0142<\/br>75-90z\u0142<\/br>80-110z\u0142<\/br><\/td><\/tr><tr style=\"height:px\" ><td data-cell-id=\"A2\" data-x=\"0\" data-y=\"2\" data-db-index=\"2\" class=\"bold\" data-cell-type=\"text\" data-original-value=\"GOR\u0104CE NO\u017bYCZKI\" data-order=\"GOR\u0104CE NO\u017bYCZKI\" >GOR\u0104CE NO\u017bYCZKI <\/td><td data-cell-id=\"B2\" data-x=\"1\" data-y=\"2\" data-db-index=\"2\" class=\"htCenter\" data-cell-type=\"text\" data-original-value=\"120z\u0142\" data-order=\"120z\u0142\" >120z\u0142 <\/td><\/tr><tr style=\"height:px\" ><td data-cell-id=\"A3\" data-x=\"0\" data-y=\"3\" data-db-index=\"3\" class=\"bold\" data-cell-type=\"text\" data-original-value=\"GRZYWKA\" data-order=\"GRZYWKA\" >GRZYWKA <\/td><td data-cell-id=\"B3\" data-x=\"1\" data-y=\"3\" data-db-index=\"3\" class=\"htCenter\" data-cell-type=\"text\" data-original-value=\"20z\u0142\" data-order=\"20z\u0142\" >20z\u0142 <\/td><\/tr><tr style=\"height:px\" ><td data-cell-id=\"A4\" data-x=\"0\" data-y=\"4\" data-db-index=\"4\" class=\"bold\" data-cell-type=\"text\" data-original-value=\"STRZY\u017bENIE M\u0118SKIE\/Z MYCIEM\" data-order=\"STRZY\u017bENIE M\u0118SKIE\/Z MYCIEM\" >STRZY\u017bENIE M\u0118SKIE\/Z MYCIEM <\/td><td data-cell-id=\"B4\" data-x=\"1\" data-y=\"4\" data-db-index=\"4\" class=\"htCenter\" data-cell-type=\"text\" data-original-value=\"50z\u0142\" data-order=\"50z\u0142\" >50z\u0142 <\/td><\/tr><tr style=\"height:px\" ><td data-cell-id=\"A5\" data-x=\"0\" data-y=\"5\" data-db-index=\"5\" class=\"\" data-cell-type=\"text\" data-original-value=\"&lt;strong&gt;MODELOWANIE:&lt;\/strong&gt;&lt;\/br&gt; *w\u0142osy kr\u00f3tkie&lt;\/br&gt; *w\u0142osy \u015brednie&lt;\/br&gt; *w\u0142osy d\u0142ugie&lt;\/br&gt;\" data-order=\"&lt;strong&gt;MODELOWANIE:&lt;\/strong&gt;&lt;\/br&gt; *w\u0142osy kr\u00f3tkie&lt;\/br&gt; *w\u0142osy \u015brednie&lt;\/br&gt; *w\u0142osy d\u0142ugie&lt;\/br&gt;\" ><strong>MODELOWANIE:<\/strong><\/br> *w\u0142osy kr\u00f3tkie<\/br> *w\u0142osy \u015brednie<\/br> *w\u0142osy d\u0142ugie<\/br><\/td><td data-cell-id=\"B5\" data-x=\"1\" data-y=\"5\" data-db-index=\"5\" class=\"htCenter\" data-cell-type=\"text\" data-original-value=\"&lt;\/br&gt;60z\u0142&lt;\/br&gt;70z\u0142&lt;\/br&gt;80z\u0142&lt;\/br&gt;\" data-order=\"&lt;\/br&gt;60z\u0142&lt;\/br&gt;70z\u0142&lt;\/br&gt;80z\u0142&lt;\/br&gt;\" ><\/br>60z\u0142<\/br>70z\u0142<\/br>80z\u0142<\/br><\/td><\/tr><tr style=\"height:px\" ><td data-cell-id=\"A6\" data-x=\"0\" data-y=\"6\" data-db-index=\"6\" class=\"bold\" data-cell-type=\"text\" data-original-value=\"STRZY\u017bENIE+MODELOWANIE\" data-order=\"STRZY\u017bENIE+MODELOWANIE\" >STRZY\u017bENIE+MODELOWANIE <\/td><td data-cell-id=\"B6\" data-x=\"1\" data-y=\"6\" data-db-index=\"6\" class=\"htCenter\" data-cell-type=\"text\" data-original-value=\"70-120z\u0142\" data-order=\"70-120z\u0142\" >70-120z\u0142 <\/td><\/tr><tr style=\"height:px\" ><td data-cell-id=\"A7\" data-x=\"0\" data-y=\"7\" data-db-index=\"7\" class=\"bold\" data-cell-type=\"text\" data-original-value=\"LOKI\" data-order=\"LOKI\" >LOKI <\/td><td data-cell-id=\"B7\" data-x=\"1\" data-y=\"7\" data-db-index=\"7\" class=\"htCenter\" data-cell-type=\"text\" data-original-value=\"100-150z\u0142\" data-order=\"100-150z\u0142\" >100-150z\u0142 <\/td><\/tr><tr style=\"height:px\" ><td data-cell-id=\"A8\" data-x=\"0\" data-y=\"8\" data-db-index=\"8\" class=\"\" data-cell-type=\"text\" data-original-value=\"&lt;strong&gt;FARBA JEDEN KOLOR:&lt;\/strong&gt;&lt;\/br&gt; *w\u0142osy kr\u00f3tkie lub sam odrost&lt;\/br&gt; *w\u0142osy \u015brednie i d\u0142ugie&lt;\/br&gt;\" data-order=\"&lt;strong&gt;FARBA JEDEN KOLOR:&lt;\/strong&gt;&lt;\/br&gt; *w\u0142osy kr\u00f3tkie lub sam odrost&lt;\/br&gt; *w\u0142osy \u015brednie i d\u0142ugie&lt;\/br&gt;\" ><strong>FARBA JEDEN KOLOR:<\/strong><\/br> *w\u0142osy kr\u00f3tkie lub sam odrost<\/br> *w\u0142osy \u015brednie i d\u0142ugie<\/br><\/td><td data-cell-id=\"B8\" data-x=\"1\" data-y=\"8\" data-db-index=\"8\" class=\"htCenter\" data-cell-type=\"text\" data-original-value=\"&lt;\/br&gt;190z\u0142&lt;\/br&gt;od 200z\u0142&lt;\/br&gt;\" data-order=\"&lt;\/br&gt;190z\u0142&lt;\/br&gt;od 200z\u0142&lt;\/br&gt;\" ><\/br>190z\u0142<\/br>od 200z\u0142<\/br><\/td><\/tr><tr style=\"height:px\" ><td data-cell-id=\"A9\" data-x=\"0\" data-y=\"9\" data-db-index=\"9\" class=\"bold\" data-cell-type=\"text\" data-original-value=\"PASEMKA ODROST+TONER\" data-order=\"PASEMKA ODROST+TONER\" >PASEMKA ODROST+TONER <\/td><td data-cell-id=\"B9\" data-x=\"1\" data-y=\"9\" data-db-index=\"9\" class=\"htCenter\" data-cell-type=\"text\" data-original-value=\"od 200z\u0142\" data-order=\"od 200z\u0142\" >od 200z\u0142 <\/td><\/tr><tr style=\"height:px\" ><td data-cell-id=\"A10\" data-x=\"0\" data-y=\"10\" data-db-index=\"10\" class=\"bold\" data-cell-type=\"text\" data-original-value=\"BALEYAGE\" data-order=\"BALEYAGE\" >BALEYAGE <\/td><td data-cell-id=\"B10\" data-x=\"1\" data-y=\"10\" data-db-index=\"10\" class=\"htCenter\" data-cell-type=\"text\" data-original-value=\"200-300z\u0142\" data-order=\"200-300z\u0142\" >200-300z\u0142 <\/td><\/tr><tr style=\"height:px\" ><td data-cell-id=\"A11\" data-x=\"0\" data-y=\"11\" data-db-index=\"11\" class=\"bold\" data-cell-type=\"text\" data-original-value=\"FARBOWANIE M\u0118SKIE\" data-order=\"FARBOWANIE M\u0118SKIE\" >FARBOWANIE M\u0118SKIE <\/td><td data-cell-id=\"B11\" data-x=\"1\" data-y=\"11\" data-db-index=\"11\" class=\"htCenter\" data-cell-type=\"text\" data-original-value=\"od 130z\u0142\" data-order=\"od 130z\u0142\" >od 130z\u0142 <\/td><\/tr><tr style=\"height:px\" ><td data-cell-id=\"A12\" data-x=\"0\" data-y=\"12\" data-db-index=\"12\" class=\"bold\" data-cell-type=\"text\" data-original-value=\"OMBRE\/SOMBRE\" data-order=\"OMBRE\/SOMBRE\" >OMBRE\/SOMBRE <\/td><td data-cell-id=\"B12\" data-x=\"1\" data-y=\"12\" data-db-index=\"12\" class=\"htCenter\" data-cell-type=\"text\" data-original-value=\"250-500z\u0142\" data-order=\"250-500z\u0142\" >250-500z\u0142 <\/td><\/tr><tr style=\"height:px\" ><td data-cell-id=\"A13\" data-x=\"0\" data-y=\"13\" data-db-index=\"13\" class=\"bold\" data-cell-type=\"text\" data-original-value=\"UPI\u0118CIE\" data-order=\"UPI\u0118CIE\" >UPI\u0118CIE <\/td><td data-cell-id=\"B13\" data-x=\"1\" data-y=\"13\" data-db-index=\"13\" class=\"htCenter\" data-cell-type=\"text\" data-original-value=\"120-170z\u0142\" data-order=\"120-170z\u0142\" >120-170z\u0142 <\/td><\/tr><tr style=\"height:px\" ><td data-cell-id=\"A14\" data-x=\"0\" data-y=\"14\" data-db-index=\"14\" class=\"bold\" data-cell-type=\"text\" data-original-value=\"PEELING SK\u00d3RY G\u0141OWY\" data-order=\"PEELING SK\u00d3RY G\u0141OWY\" >PEELING SK\u00d3RY G\u0141OWY <\/td><td data-cell-id=\"B14\" data-x=\"1\" data-y=\"14\" data-db-index=\"14\" class=\"htCenter\" data-cell-type=\"text\" data-original-value=\"50z\u0142\" data-order=\"50z\u0142\" >50z\u0142 <\/td><\/tr><tr style=\"height:px\" ><td data-cell-id=\"A15\" data-x=\"0\" data-y=\"15\" data-db-index=\"15\" class=\"\" data-cell-type=\"text\" data-original-value=\"&lt;strong&gt;KERATYNA ODBUDOWUJ\u0104CA\/ULTRAD\u0179WI\u0118KI&lt;\/strong&gt;&lt;\/br&gt; *w\u0142osy kr\u00f3tkie&lt;\/br&gt; *w\u0142osy \u015brednie&lt;\/br&gt; *w\u0142osy d\u0142ugie&lt;\/br&gt;\" data-order=\"&lt;strong&gt;KERATYNA ODBUDOWUJ\u0104CA\/ULTRAD\u0179WI\u0118KI&lt;\/strong&gt;&lt;\/br&gt; *w\u0142osy kr\u00f3tkie&lt;\/br&gt; *w\u0142osy \u015brednie&lt;\/br&gt; *w\u0142osy d\u0142ugie&lt;\/br&gt;\" ><strong>KERATYNA ODBUDOWUJ\u0104CA\/ULTRAD\u0179WI\u0118KI<\/strong><\/br> *w\u0142osy kr\u00f3tkie<\/br> *w\u0142osy \u015brednie<\/br> *w\u0142osy d\u0142ugie<\/br><\/td><td data-cell-id=\"B15\" data-x=\"1\" data-y=\"15\" data-db-index=\"15\" class=\"htCenter\" data-cell-type=\"text\" data-original-value=\"&lt;\/br&gt; 110z\u0142&lt;\/br&gt; 130z\u0142&lt;\/br&gt; 150-200z\u0142&lt;\/br&gt;\" data-order=\"&lt;\/br&gt; 110z\u0142&lt;\/br&gt; 130z\u0142&lt;\/br&gt; 150-200z\u0142&lt;\/br&gt;\" ><\/br> 110z\u0142<\/br> 130z\u0142<\/br> 150-200z\u0142<\/br><\/td><\/tr><tr style=\"height:px\" ><td data-cell-id=\"A16\" data-x=\"0\" data-y=\"16\" data-db-index=\"16\" class=\"bold\" data-cell-type=\"text\" data-original-value=\"BOTOX NA W\u0141OSY\" data-order=\"BOTOX NA W\u0141OSY\" >BOTOX NA W\u0141OSY <\/td><td data-cell-id=\"B16\" data-x=\"1\" data-y=\"16\" data-db-index=\"16\" class=\"htCenter\" data-cell-type=\"text\" data-original-value=\"100-250z\u0142\" data-order=\"100-250z\u0142\" >100-250z\u0142 <\/td><\/tr><tr style=\"height:px\" ><td data-cell-id=\"A17\" data-x=\"0\" data-y=\"17\" data-db-index=\"17\" class=\"bold\" data-cell-type=\"text\" data-original-value=\"SAUNA\" data-order=\"SAUNA\" >SAUNA <\/td><td data-cell-id=\"B17\" data-x=\"1\" data-y=\"17\" data-db-index=\"17\" class=\"htCenter\" data-cell-type=\"text\" data-original-value=\"60z\u0142\" data-order=\"60z\u0142\" >60z\u0142 <\/td><\/tr><tr style=\"height:px\" ><td data-cell-id=\"A18\" data-x=\"0\" data-y=\"18\" data-db-index=\"18\" class=\"bold\" data-cell-type=\"text\" data-original-value=\"SAUNA + MODELOWANIE\" data-order=\"SAUNA + MODELOWANIE\" >SAUNA + MODELOWANIE <\/td><td data-cell-id=\"B18\" data-x=\"1\" data-y=\"18\" data-db-index=\"18\" class=\"htCenter\" data-cell-type=\"text\" data-original-value=\"100z\u0142\" data-order=\"100z\u0142\" >100z\u0142 <\/td><\/tr><tr style=\"height:px\" ><td data-cell-id=\"A19\" data-x=\"0\" data-y=\"19\" data-db-index=\"19\" class=\"bold\" data-cell-type=\"text\" data-original-value=\"SAUNA+STRZY\u017bENIE+MODELOWANIE\" data-order=\"SAUNA+STRZY\u017bENIE+MODELOWANIE\" >SAUNA+STRZY\u017bENIE+MODELOWANIE <\/td><td data-cell-id=\"B19\" data-x=\"1\" data-y=\"19\" data-db-index=\"19\" class=\"htCenter\" data-cell-type=\"text\" data-original-value=\"120-150z\u0142\" data-order=\"120-150z\u0142\" >120-150z\u0142 <\/td><\/tr><tr style=\"height:px\" ><td data-cell-id=\"A20\" data-x=\"0\" data-y=\"20\" data-db-index=\"20\" class=\"bold\" data-cell-type=\"text\" data-original-value=\"SAUNA+GOR\u0104CE NO\u017bYCZKI+MODELOWANIE\" data-order=\"SAUNA+GOR\u0104CE NO\u017bYCZKI+MODELOWANIE\" >SAUNA+GOR\u0104CE NO\u017bYCZKI+MODELOWANIE <\/td><td data-cell-id=\"B20\" data-x=\"1\" data-y=\"20\" data-db-index=\"20\" class=\"htCenter\" data-cell-type=\"text\" data-original-value=\"120-200z\u0142\" data-order=\"120-200z\u0142\" >120-200z\u0142 <\/td><\/tr><tr style=\"height:px\" ><td data-cell-id=\"A21\" data-x=\"0\" data-y=\"21\" data-db-index=\"21\" class=\"\" data-cell-type=\"text\" data-original-value=\"&lt;strong&gt;KERATYNOWE PROSTOWANIE:&lt;\/strong&gt;&lt;\/br&gt; *w\u0142osy kr\u00f3tkie&lt;\/br&gt; *w\u0142osy \u015brednie&lt;\/br&gt; *w\u0142osy d\u0142ugie&lt;\/br&gt;\" data-order=\"&lt;strong&gt;KERATYNOWE PROSTOWANIE:&lt;\/strong&gt;&lt;\/br&gt; *w\u0142osy kr\u00f3tkie&lt;\/br&gt; *w\u0142osy \u015brednie&lt;\/br&gt; *w\u0142osy d\u0142ugie&lt;\/br&gt;\" ><strong>KERATYNOWE PROSTOWANIE:<\/strong><\/br> *w\u0142osy kr\u00f3tkie<\/br> *w\u0142osy \u015brednie<\/br> *w\u0142osy d\u0142ugie<\/br><\/td><td data-cell-id=\"B21\" data-x=\"1\" data-y=\"21\" data-db-index=\"21\" class=\"htCenter\" data-cell-type=\"text\" data-original-value=\"&lt;\/br&gt;500-700z\u0142&lt;\/br&gt;600-800z\u0142&lt;\/br&gt;700-900z\u0142&lt;\/br&gt;\" data-order=\"&lt;\/br&gt;500-700z\u0142&lt;\/br&gt;600-800z\u0142&lt;\/br&gt;700-900z\u0142&lt;\/br&gt;\" ><\/br>500-700z\u0142<\/br>600-800z\u0142<\/br>700-900z\u0142<\/br><\/td><\/tr><tr style=\"height:px\" ><td data-cell-id=\"A22\" data-x=\"0\" data-y=\"22\" data-db-index=\"22\" class=\"bold\" data-cell-type=\"text\" data-original-value=\"DOCZEPIANIE W\u0141OS\u00d3W\" data-order=\"DOCZEPIANIE W\u0141OS\u00d3W\" >DOCZEPIANIE W\u0141OS\u00d3W <\/td><td data-cell-id=\"B22\" data-x=\"1\" data-y=\"22\" data-db-index=\"22\" class=\"htCenter\" data-cell-type=\"text\" data-original-value=\"1600z\u0142\" data-order=\"1600z\u0142\" >1600z\u0142 <\/td><\/tr><tr style=\"height:px\" ><td data-cell-id=\"A23\" data-x=\"0\" data-y=\"23\" data-db-index=\"23\" class=\"bold\" data-cell-type=\"text\" data-original-value=\"DOCZEPIANIE W\u0141OS\u00d3W HAIR TALK (w tym szampon + od\u017cywka)\" data-order=\"DOCZEPIANIE W\u0141OS\u00d3W HAIR TALK (w tym szampon + od\u017cywka)\" >DOCZEPIANIE W\u0141OS\u00d3W HAIR TALK (w tym szampon + od\u017cywka) <\/td><td data-cell-id=\"B23\" data-x=\"1\" data-y=\"23\" data-db-index=\"23\" class=\"htCenter\" data-cell-type=\"text\" data-original-value=\"od 2000z\u0142\" data-order=\"od 2000z\u0142\" >od 2000z\u0142 <\/td><\/tr><tr style=\"height:px\" ><td data-cell-id=\"A24\" data-x=\"0\" data-y=\"24\" data-db-index=\"24\" class=\"bold\" data-cell-type=\"text\" data-original-value=\"PRZEK\u0141ADANIE W\u0141OS\u00d3W\" data-order=\"PRZEK\u0141ADANIE W\u0141OS\u00d3W\" >PRZEK\u0141ADANIE W\u0141OS\u00d3W <\/td><td data-cell-id=\"B24\" data-x=\"1\" data-y=\"24\" data-db-index=\"24\" class=\"htCenter\" data-cell-type=\"text\" data-original-value=\"400z\u0142\" data-order=\"400z\u0142\" >400z\u0142 <\/td><\/tr><\/tbody><\/table><!-- \/#supsystic-table-1.supsystic-table --><\/div><!-- \/.supsystic-tables-wrap --><!-- Tables Generator by Supsystic --><!-- Version:1.11.0 --><!-- http:\/\/supsystic.com\/ --><a title=\"WordPress Data Table\" style=\"display:none;\" href=\"https:\/\/supsystic.com\/plugins\/wordpress-data-table-plugin\/?utm_medium=love_link\" target=\"_blank\">WordPress Data Table<\/a><\/p>\n<\/div><\/div> \n\n<\/div> \n<\/div><\/div><\/div>","protected":false},"excerpt":{"rendered":"<p>FRYZJERSTWOCENNIK \u2013 SALON FRYZJERSKI KERATYNOWY ZABIEG ODBUDOWUJ\u0104CY W\u0141OSY PRZED\u0141U\u017bANIE W\u0141OS\u00d3W METOD\u0104 ULTRAD\u0179WI\u0118KOW\u0104 PRZED\u0141U\u017bANIE W\u0141OS\u00d3W METOD\u0104 KERATYNOW\u0104 GOR\u0104CE NO\u017bYCZKI SALON FRYZJERSKI KERATYNOWE PROSTOWANIE W\u0141OS\u00d3W \u015aWIAT\u0141OTERAPIA SAUN\u0104 MAGNETIQUE LED Z OZONEM STRZY\u017bENIE DAMSKIE: *w\u0142osy kr\u00f3tkie *w\u0142osy \u015brednie *w\u0142osy d\u0142ugie70z\u014275-90z\u014280-110z\u0142GOR\u0104CE NO\u017bYCZKI 120z\u0142 GRZYWKA 20z\u0142 STRZY\u017bENIE M\u0118SKIE\/Z MYCIEM 50z\u0142 MODELOWANIE: *w\u0142osy kr\u00f3tkie *w\u0142osy \u015brednie *w\u0142osy d\u0142ugie60z\u014270z\u014280z\u0142STRZY\u017bENIE+MODELOWANIE 70-120z\u0142 LOKI 100-150z\u0142 [&hellip;]<\/p>\n","protected":false},"author":1,"featured_media":0,"parent":0,"menu_order":0,"comment_status":"closed","ping_status":"closed","template":"","meta":{"footnotes":""},"class_list":["post-1659","page","type-page","status-publish","hentry"],"_links":{"self":[{"href":"https:\/\/beauty-center.pl\/index.php\/wp-json\/wp\/v2\/pages\/1659","targetHints":{"allow":["GET"]}}],"collection":[{"href":"https:\/\/beauty-center.pl\/index.php\/wp-json\/wp\/v2\/pages"}],"about":[{"href":"https:\/\/beauty-center.pl\/index.php\/wp-json\/wp\/v2\/types\/page"}],"author":[{"embeddable":true,"href":"https:\/\/beauty-center.pl\/index.php\/wp-json\/wp\/v2\/users\/1"}],"replies":[{"embeddable":true,"href":"https:\/\/beauty-center.pl\/index.php\/wp-json\/wp\/v2\/comments?post=1659"}],"version-history":[{"count":2,"href":"https:\/\/beauty-center.pl\/index.php\/wp-json\/wp\/v2\/pages\/1659\/revisions"}],"predecessor-version":[{"id":2059,"href":"https:\/\/beauty-center.pl\/index.php\/wp-json\/wp\/v2\/pages\/1659\/revisions\/2059"}],"wp:attachment":[{"href":"https:\/\/beauty-center.pl\/index.php\/wp-json\/wp\/v2\/media?parent=1659"}],"curies":[{"name":"wp","href":"https:\/\/api.w.org\/{rel}","templated":true}]}}