{"id":1680,"date":"2016-08-30T13:27:55","date_gmt":"2016-08-30T11:27:55","guid":{"rendered":"http:\/\/beauty.kbsolution.pl\/?page_id=1680"},"modified":"2016-09-14T21:19:27","modified_gmt":"2016-09-14T19:19:27","slug":"manicure-i-pedicure-hybrydowy","status":"publish","type":"page","link":"https:\/\/beauty-center.pl\/index.php\/manicure-i-pedicure-hybrydowy\/","title":{"rendered":"MANICURE I PEDICURE HYBRYDOWY"},"content":{"rendered":"<div  class=\"ui--tagline-box-wrapper ui--animation clearfix\"><div  id=\"tagline-1\" class=\"ui--tagline-box ui-row clearfix ui--tagline-box-custom-color radius-3px\" data-responsive=\"{&quot;css&quot;:{&quot;min-height&quot;:{&quot;phone&quot;:&quot;auto&quot;,&quot;tablet&quot;:&quot;auto&quot;,&quot;widescreen&quot;:&quot;&quot;}}}\"><div  class=\"ui--tagline-background-container ui--tagline-background-overlay radius-3px\"><\/div><div  class=\"ui--tagline-background-container ui--tagline-background-image radius-3px\"><\/div><div  class=\"ui--tagline-content\"><div class=\"ui-row row\">\n <div   class=\"ui-column span4\"><div id=\"nav_menu-9\" class=\"widget widget_nav_menu\"><h4 class=\"sidebar-widget-title ui--widget-title\"><span>STYLIZACJA PAZNOKCI<\/span><\/h4><div class=\"menu-stylizacja-paznokci-container\"><ul id=\"menu-stylizacja-paznokci\" class=\"menu\"><li id=\"menu-item-1696\" class=\"menu-item menu-item-type-post_type menu-item-object-page depth-0 to-right\"><a href=\"https:\/\/beauty-center.pl\/index.php\/pielegnacja-dloni-i-paznokci\/\">PIEL\u0118GNACJA D\u0141ONI I PAZNOKCI<\/a><\/li>\n<li id=\"menu-item-1698\" class=\"menu-item menu-item-type-post_type menu-item-object-page depth-0 to-right\"><a href=\"https:\/\/beauty-center.pl\/index.php\/tipsy-2\/\">TIPSY<\/a><\/li>\n<li id=\"menu-item-1699\" class=\"menu-item menu-item-type-post_type menu-item-object-page depth-0 to-right\"><a href=\"https:\/\/beauty-center.pl\/index.php\/manicure-i-pedicure-hybrydowy\/\">MANICURE I PEDICURE HYBRYDOWY<\/a><\/li>\n<li id=\"menu-item-1695\" class=\"menu-item menu-item-type-post_type menu-item-object-page depth-0 to-right\"><a href=\"https:\/\/beauty-center.pl\/index.php\/cennik-stylizacja-paznokci\/\">CENNIK STYLIZACJA PAZNOKCI<\/a><\/li>\n<\/ul><\/div><\/div><div class=\"auto-format ui--animation\"><\/div><\/div> \n\n <div   class=\"ui-column span8\"><div class=\"ui--title ui--animation ui--title-bordered text-center\"><div class=\"ui--title-holder\"><h3 class=\"ui--title-text\" style=\"color: #bd1e9d !important;\">Manicure i Pedicure Hybrydowy<\/h3><div style=\"border-color: #bd1e9d !important;\" class=\"ui--title-borders ui--title-border-left\"><\/div><div style=\"border-color: #bd1e9d !important;\" class=\"ui--title-borders ui--title-border-right\"><\/div><\/div><\/div><div class=\"auto-format ui--animation\"><p> Zadbane d\u0142onie i paznokcie s\u0105 wizyt\u00f3wk\u0105 ka\u017cdej kobiety. Niestety cz\u0119sto brakuje nam czasu i cierpliwo\u015bci na ich piel\u0119gnacj\u0119. Codzienne obowi\u0105zki sprawiaj\u0105, \u017ce utrzymanie nieskazitelnego manicure wydaje si\u0119 wr\u0119cz niemo\u017cliwe. Opr\u00f3cz tego jest wiele okazji kiedy nie chcemy si\u0119 martwi\u0107 trwa\u0142o\u015bci\u0105 lakieru do paznokci: okres wyt\u0119\u017conej pracy, beztroskie wakacje lub ten jedyny wyj\u0105tkowy dzie\u0144 w \u017cyciu &#8211; od dzi\u015b ju\u017c nie musimy si\u0119 martwi\u0107 o wygl\u0105d naszych d\u0142oni!<\/p>\n<p><strong>MANICURE HYBRYDOWY jest dla Ciebie je\u015bli:<\/strong><\/p>\n<ul>\n<li>chcesz mie\u0107 pi\u0119kne, zdrowe i b\u0142yszcz\u0105ce paznokcie &#8211; jednobarwne lub french * prowadzisz aktywny tryb \u017cycia i nie masz czasu na codzienne malowanie i poprawki\n<li>masz do\u015b\u0107 lakier\u00f3w, kt\u00f3re odpryskuj\u0105, bledn\u0105, matowiej\u0105 lub \u015bcieraj\u0105 si\u0119 po kilku dniach<\/li>\n<li>szukasz bezpiecznej alternatywy dla tradycyjnych \u017celi czy akryli (manicure hybrydowy nie obci\u0105\u017ca p\u0142ytki, a usuwa si\u0119 go bez \u015bcierania paznokcia)<\/li>\n<li>Manicure hybrydowy wykonywany jest tak szybko jak klasyczny manicure, jedyna r\u00f3\u017cnica to trwa\u0142o\u015b\u0107! Specjalny lakier nak\u0142adany jest cienk\u0105 warstw\u0105 a potem utwardzany w \u015bwietle UV. Trwa\u0142o\u015b\u0107 Shellac jest nieograniczona, jednak ze wzgl\u0119du na naturalny wzrost paznokcia po 2 tygodniach nale\u017cy go zdj\u0105\u0107 (w kilka minut) i na\u0142o\u017cy\u0107 nowy.<\/li>\n<\/ul>\n<\/div><\/div> \n\n<\/div> \n<\/div><\/div><\/div>","protected":false},"excerpt":{"rendered":"<p>STYLIZACJA PAZNOKCIPIEL\u0118GNACJA D\u0141ONI I PAZNOKCI TIPSY MANICURE I PEDICURE HYBRYDOWY CENNIK STYLIZACJA PAZNOKCI Manicure i Pedicure Hybrydowy Zadbane d\u0142onie i paznokcie s\u0105 wizyt\u00f3wk\u0105 ka\u017cdej kobiety. Niestety cz\u0119sto brakuje nam czasu i cierpliwo\u015bci na ich piel\u0119gnacj\u0119. Codzienne obowi\u0105zki sprawiaj\u0105, \u017ce utrzymanie nieskazitelnego manicure wydaje si\u0119 wr\u0119cz niemo\u017cliwe. Opr\u00f3cz tego jest wiele okazji kiedy nie chcemy si\u0119 [&hellip;]<\/p>\n","protected":false},"author":1,"featured_media":0,"parent":0,"menu_order":0,"comment_status":"closed","ping_status":"closed","template":"","meta":{"footnotes":""},"class_list":["post-1680","page","type-page","status-publish","hentry"],"_links":{"self":[{"href":"https:\/\/beauty-center.pl\/index.php\/wp-json\/wp\/v2\/pages\/1680","targetHints":{"allow":["GET"]}}],"collection":[{"href":"https:\/\/beauty-center.pl\/index.php\/wp-json\/wp\/v2\/pages"}],"about":[{"href":"https:\/\/beauty-center.pl\/index.php\/wp-json\/wp\/v2\/types\/page"}],"author":[{"embeddable":true,"href":"https:\/\/beauty-center.pl\/index.php\/wp-json\/wp\/v2\/users\/1"}],"replies":[{"embeddable":true,"href":"https:\/\/beauty-center.pl\/index.php\/wp-json\/wp\/v2\/comments?post=1680"}],"version-history":[{"count":3,"href":"https:\/\/beauty-center.pl\/index.php\/wp-json\/wp\/v2\/pages\/1680\/revisions"}],"predecessor-version":[{"id":1722,"href":"https:\/\/beauty-center.pl\/index.php\/wp-json\/wp\/v2\/pages\/1680\/revisions\/1722"}],"wp:attachment":[{"href":"https:\/\/beauty-center.pl\/index.php\/wp-json\/wp\/v2\/media?parent=1680"}],"curies":[{"name":"wp","href":"https:\/\/api.w.org\/{rel}","templated":true}]}}