{"id":1682,"date":"2016-08-30T13:32:48","date_gmt":"2016-08-30T11:32:48","guid":{"rendered":"http:\/\/beauty.kbsolution.pl\/?page_id=1682"},"modified":"2016-08-30T13:32:48","modified_gmt":"2016-08-30T11:32:48","slug":"tipsy-2","status":"publish","type":"page","link":"https:\/\/beauty-center.pl\/index.php\/tipsy-2\/","title":{"rendered":"TIPSY"},"content":{"rendered":"<div  class=\"ui--tagline-box-wrapper ui--animation clearfix\"><div  id=\"tagline-1\" class=\"ui--tagline-box ui-row clearfix ui--tagline-box-custom-color radius-3px\" data-responsive=\"{&quot;css&quot;:{&quot;min-height&quot;:{&quot;phone&quot;:&quot;auto&quot;,&quot;tablet&quot;:&quot;auto&quot;,&quot;widescreen&quot;:&quot;&quot;}}}\"><div  class=\"ui--tagline-background-container ui--tagline-background-overlay radius-3px\"><\/div><div  class=\"ui--tagline-background-container ui--tagline-background-image radius-3px\"><\/div><div  class=\"ui--tagline-content\"><div class=\"ui-row row\">\n <div   class=\"ui-column span4\"><div id=\"nav_menu-9\" class=\"widget widget_nav_menu\"><h4 class=\"sidebar-widget-title ui--widget-title\"><span>STYLIZACJA PAZNOKCI<\/span><\/h4><div class=\"menu-stylizacja-paznokci-container\"><ul id=\"menu-stylizacja-paznokci\" class=\"menu\"><li id=\"menu-item-1696\" class=\"menu-item menu-item-type-post_type menu-item-object-page depth-0 to-right\"><a href=\"https:\/\/beauty-center.pl\/index.php\/pielegnacja-dloni-i-paznokci\/\">PIEL\u0118GNACJA D\u0141ONI I PAZNOKCI<\/a><\/li>\n<li id=\"menu-item-1698\" class=\"menu-item menu-item-type-post_type menu-item-object-page depth-0 to-right\"><a href=\"https:\/\/beauty-center.pl\/index.php\/tipsy-2\/\">TIPSY<\/a><\/li>\n<li id=\"menu-item-1699\" class=\"menu-item menu-item-type-post_type menu-item-object-page depth-0 to-right\"><a href=\"https:\/\/beauty-center.pl\/index.php\/manicure-i-pedicure-hybrydowy\/\">MANICURE I PEDICURE HYBRYDOWY<\/a><\/li>\n<li id=\"menu-item-1695\" class=\"menu-item menu-item-type-post_type menu-item-object-page depth-0 to-right\"><a href=\"https:\/\/beauty-center.pl\/index.php\/cennik-stylizacja-paznokci\/\">CENNIK STYLIZACJA PAZNOKCI<\/a><\/li>\n<\/ul><\/div><\/div><div class=\"auto-format ui--animation\"><\/div><\/div> \n\n <div   class=\"ui-column span8\"><div class=\"auto-format ui--animation\"><p><CENTER>Technika \u017celowa i akrylowa to dwie najbardziej powszechne techniki modelowania i przed\u0142u\u017cania naturalnej p\u0142ytki paznokcia, zar\u00f3wno u d\u0142oni jak i u st\u00f3p.<\/CENTER><\/p>\n<p><strong>METODA \u017bELOWA<\/strong><\/p>\n<ul>\n<li>Utwardzenie naturalnej p\u0142ytki<\/li>\n<li>Przed\u0142u\u017cenie naturalnej p\u0142ytki na szablonie<\/li>\n<li>Przed\u0142u\u017cenie naturalnej p\u0142ytki na tipsie<\/li>\n<\/ul>\n<p>Masa \u017celowa daje du\u017ce mo\u017cliwo\u015bci przed\u0142u\u017cania i modelowania naturalnej p\u0142ytki paznokcia. \u017bel jest materia\u0142em elastycznym i mi\u0119kkim &#8211; w odczuciu osoby nosz\u0105cej s\u0105 jak paznokcie naturalne. Szeroka gama kolorystyczna pozwala na stworzenie oryginalnych, niepowtarzalnych zdobie\u0144 permanentnych paznokci.<\/p>\n<p><strong>METODA AKRYLOWA<\/strong><\/p>\n<ul>\n<li>Utwardzenie naturalnej p\u0142ytki<\/li>\n<li>Przed\u0142u\u017cenie naturalnej p\u0142ytki na szablonie<\/li>\n<li>Przed\u0142u\u017cenie naturalnej p\u0142ytki na tipsie<\/li>\n<\/ul>\n<p>Masa akrylowa, opr\u00f3cz przed\u0142u\u017cania i utwardzania naturalnej p\u0142ytki, daje r\u00f3wnie\u017c mo\u017cliwo\u015b\u0107 wymodelowania i &#8222;odbudowania &#8211; naprawienia&#8221; praktycznie ka\u017cdego uszkodzonego paznokcia, zar\u00f3wno d\u0142oni jak i st\u00f3p. Uszkodzenie to mo\u017ce by\u0107 skutkiem, np. przebytej choroby grzybiczej, czy uderzenia (nad\u0142amania), lub te\u017c wynikiem indywidualnych cech &#8211; rozdwajanie, p\u0119kanie, \u0142amliwo\u015b\u0107 naturalnej p\u0142ytki a nawet obgryzanie.<\/p>\n<p><strong>ZDOBIENIA &#8230; Niepowtarzalne wzory&#8230;<\/strong><br \/>\nZdobienia kolorowym \u017celem, zatapianie ozd\u00f3b, zdobienie lakierami i farbkami akrylowymi.<\/p>\n<p><strong><strong>FRENCH &#8230;<\/strong> Klasyczny spos\u00f3b na pi\u0119kne d\u0142onie&#8230;<\/strong><br \/>\nW naszym Studio wykonywany zar\u00f3wno metod\u0105 \u017celow\u0105 jak i akrylow\u0105.<\/p>\n<\/div><div class=\"ui--image-wrap clearfix text-center ui--block\" style=\"margin-top: 15px;  margin-bottom: 20px;\"><img loading=\"lazy\" decoding=\"async\" width=\"400\" height=\"300\" src=\"https:\/\/beauty-center.pl\/wp-content\/uploads\/2016\/11\/paznokcie_sala.jpg\" class=\"ui--image ui--animation\" alt=\"\" id=\"ui--image-1\" srcset=\"https:\/\/beauty-center.pl\/wp-content\/uploads\/2016\/11\/paznokcie_sala.jpg 400w, https:\/\/beauty-center.pl\/wp-content\/uploads\/2016\/11\/paznokcie_sala-300x225.jpg 300w\" sizes=\"auto, (max-width: 400px) 100vw, 400px\" \/><\/div><\/div> \n\n<\/div> \n<\/div><\/div><\/div>","protected":false},"excerpt":{"rendered":"<p>STYLIZACJA PAZNOKCIPIEL\u0118GNACJA D\u0141ONI I PAZNOKCI TIPSY MANICURE I PEDICURE HYBRYDOWY CENNIK STYLIZACJA PAZNOKCI Technika \u017celowa i akrylowa to dwie najbardziej powszechne techniki modelowania i przed\u0142u\u017cania naturalnej p\u0142ytki paznokcia, zar\u00f3wno u d\u0142oni jak i u st\u00f3p. METODA \u017bELOWA Utwardzenie naturalnej p\u0142ytki Przed\u0142u\u017cenie naturalnej p\u0142ytki na szablonie Przed\u0142u\u017cenie naturalnej p\u0142ytki na tipsie Masa \u017celowa daje du\u017ce mo\u017cliwo\u015bci [&hellip;]<\/p>\n","protected":false},"author":1,"featured_media":0,"parent":0,"menu_order":0,"comment_status":"closed","ping_status":"closed","template":"","meta":{"footnotes":""},"class_list":["post-1682","page","type-page","status-publish","hentry"],"_links":{"self":[{"href":"https:\/\/beauty-center.pl\/index.php\/wp-json\/wp\/v2\/pages\/1682","targetHints":{"allow":["GET"]}}],"collection":[{"href":"https:\/\/beauty-center.pl\/index.php\/wp-json\/wp\/v2\/pages"}],"about":[{"href":"https:\/\/beauty-center.pl\/index.php\/wp-json\/wp\/v2\/types\/page"}],"author":[{"embeddable":true,"href":"https:\/\/beauty-center.pl\/index.php\/wp-json\/wp\/v2\/users\/1"}],"replies":[{"embeddable":true,"href":"https:\/\/beauty-center.pl\/index.php\/wp-json\/wp\/v2\/comments?post=1682"}],"version-history":[{"count":1,"href":"https:\/\/beauty-center.pl\/index.php\/wp-json\/wp\/v2\/pages\/1682\/revisions"}],"predecessor-version":[{"id":1685,"href":"https:\/\/beauty-center.pl\/index.php\/wp-json\/wp\/v2\/pages\/1682\/revisions\/1685"}],"wp:attachment":[{"href":"https:\/\/beauty-center.pl\/index.php\/wp-json\/wp\/v2\/media?parent=1682"}],"curies":[{"name":"wp","href":"https:\/\/api.w.org\/{rel}","templated":true}]}}