{"id":1686,"date":"2016-08-30T13:34:47","date_gmt":"2016-08-30T11:34:47","guid":{"rendered":"http:\/\/beauty.kbsolution.pl\/?page_id=1686"},"modified":"2016-08-30T13:34:47","modified_gmt":"2016-08-30T11:34:47","slug":"manicure","status":"publish","type":"page","link":"https:\/\/beauty-center.pl\/index.php\/manicure\/","title":{"rendered":"MANICURE"},"content":{"rendered":"<div  class=\"ui--tagline-box-wrapper ui--animation clearfix\"><div  id=\"tagline-1\" class=\"ui--tagline-box ui-row clearfix ui--tagline-box-custom-color radius-3px\" data-responsive=\"{&quot;css&quot;:{&quot;min-height&quot;:{&quot;phone&quot;:&quot;auto&quot;,&quot;tablet&quot;:&quot;auto&quot;,&quot;widescreen&quot;:&quot;&quot;}}}\"><div  class=\"ui--tagline-background-container ui--tagline-background-overlay radius-3px\"><\/div><div  class=\"ui--tagline-background-container ui--tagline-background-image radius-3px\"><\/div><div  class=\"ui--tagline-content\"><div class=\"ui-row row\">\n <div   class=\"ui-column span4\"><div id=\"nav_menu-9\" class=\"widget widget_nav_menu\"><h4 class=\"sidebar-widget-title ui--widget-title\"><span>STYLIZACJA PAZNOKCI<\/span><\/h4><div class=\"menu-stylizacja-paznokci-container\"><ul id=\"menu-stylizacja-paznokci\" class=\"menu\"><li id=\"menu-item-1696\" class=\"menu-item menu-item-type-post_type menu-item-object-page depth-0 to-right\"><a href=\"https:\/\/beauty-center.pl\/index.php\/pielegnacja-dloni-i-paznokci\/\">PIEL\u0118GNACJA D\u0141ONI I PAZNOKCI<\/a><\/li>\n<li id=\"menu-item-1698\" class=\"menu-item menu-item-type-post_type menu-item-object-page depth-0 to-right\"><a href=\"https:\/\/beauty-center.pl\/index.php\/tipsy-2\/\">TIPSY<\/a><\/li>\n<li id=\"menu-item-1699\" class=\"menu-item menu-item-type-post_type menu-item-object-page depth-0 to-right\"><a href=\"https:\/\/beauty-center.pl\/index.php\/manicure-i-pedicure-hybrydowy\/\">MANICURE I PEDICURE HYBRYDOWY<\/a><\/li>\n<li id=\"menu-item-1695\" class=\"menu-item menu-item-type-post_type menu-item-object-page depth-0 to-right\"><a href=\"https:\/\/beauty-center.pl\/index.php\/cennik-stylizacja-paznokci\/\">CENNIK STYLIZACJA PAZNOKCI<\/a><\/li>\n<\/ul><\/div><\/div><div class=\"auto-format ui--animation\"><\/div><\/div> \n\n <div   class=\"ui-column span8\"><div class=\"ui--title ui--animation ui--title-bordered text-center\"><div class=\"ui--title-holder\"><h3 class=\"ui--title-text\" style=\"color: #bd1e9d !important;\">MANICURE<\/h3><div style=\"border-color: #bd1e9d !important;\" class=\"ui--title-borders ui--title-border-left\"><\/div><div style=\"border-color: #bd1e9d !important;\" class=\"ui--title-borders ui--title-border-right\"><\/div><\/div><\/div><div class=\"ui--title ui--animation ui--title-bordered text-center\"><div class=\"ui--title-holder\"><h3 class=\"ui--title-text\" style=\"color: #bd1e9d !important;\">CENNIK<\/h3><div style=\"border-color: #bd1e9d !important;\" class=\"ui--title-borders ui--title-border-left\"><\/div><div style=\"border-color: #bd1e9d !important;\" class=\"ui--title-borders ui--title-border-right\"><\/div><\/div><\/div><div class=\"auto-format ui--animation\"><ul>\n<li>Manicure + malowanie 30z\u0142<\/li>\n<li>Manicure + malowanie artystyczne ze zdobieniem 50z\u0142<\/li>\n<li>\u017belowanie paznokci 70z\u0142<\/li>\n<li>W gabinecie znajduje si\u0119 telewizor.<\/li>\n<li><\/li>\n<\/ul>\n<\/div><div class=\"ui--image-wrap clearfix text-center ui--block\" style=\"margin-top: 15px;  margin-bottom: 25px;\"><img loading=\"lazy\" decoding=\"async\" width=\"400\" height=\"300\" src=\"https:\/\/beauty-center.pl\/wp-content\/uploads\/2016\/08\/paznokcie_sala2.JPG\" class=\"ui--image ui--animation\" alt=\"\" id=\"ui--image-1\" srcset=\"https:\/\/beauty-center.pl\/wp-content\/uploads\/2016\/08\/paznokcie_sala2.JPG 400w, https:\/\/beauty-center.pl\/wp-content\/uploads\/2016\/08\/paznokcie_sala2-300x225.jpg 300w\" sizes=\"auto, (max-width: 400px) 100vw, 400px\" \/><\/div><div class=\"auto-format ui--animation\"><ul>\n<li>MANICURE HYBRYDOWY JEDEN KOLOR CENA: 60z\u0142<\/li>\n<li>MANICURE HYBRYDOWY FRENCH CENA: 70 z\u0142<\/li>\n<\/ul>\n<\/div><\/div> \n\n<\/div> \n<\/div><\/div><\/div>","protected":false},"excerpt":{"rendered":"<p>STYLIZACJA PAZNOKCIPIEL\u0118GNACJA D\u0141ONI I PAZNOKCI TIPSY MANICURE I PEDICURE HYBRYDOWY CENNIK STYLIZACJA PAZNOKCI MANICURECENNIK Manicure + malowanie 30z\u0142 Manicure + malowanie artystyczne ze zdobieniem 50z\u0142 \u017belowanie paznokci 70z\u0142 W gabinecie znajduje si\u0119 telewizor. MANICURE HYBRYDOWY JEDEN KOLOR CENA: 60z\u0142 MANICURE HYBRYDOWY FRENCH CENA: 70 z\u0142<\/p>\n","protected":false},"author":1,"featured_media":0,"parent":0,"menu_order":0,"comment_status":"closed","ping_status":"closed","template":"","meta":{"footnotes":""},"class_list":["post-1686","page","type-page","status-publish","hentry"],"_links":{"self":[{"href":"https:\/\/beauty-center.pl\/index.php\/wp-json\/wp\/v2\/pages\/1686","targetHints":{"allow":["GET"]}}],"collection":[{"href":"https:\/\/beauty-center.pl\/index.php\/wp-json\/wp\/v2\/pages"}],"about":[{"href":"https:\/\/beauty-center.pl\/index.php\/wp-json\/wp\/v2\/types\/page"}],"author":[{"embeddable":true,"href":"https:\/\/beauty-center.pl\/index.php\/wp-json\/wp\/v2\/users\/1"}],"replies":[{"embeddable":true,"href":"https:\/\/beauty-center.pl\/index.php\/wp-json\/wp\/v2\/comments?post=1686"}],"version-history":[{"count":1,"href":"https:\/\/beauty-center.pl\/index.php\/wp-json\/wp\/v2\/pages\/1686\/revisions"}],"predecessor-version":[{"id":1688,"href":"https:\/\/beauty-center.pl\/index.php\/wp-json\/wp\/v2\/pages\/1686\/revisions\/1688"}],"wp:attachment":[{"href":"https:\/\/beauty-center.pl\/index.php\/wp-json\/wp\/v2\/media?parent=1686"}],"curies":[{"name":"wp","href":"https:\/\/api.w.org\/{rel}","templated":true}]}}