{"id":1689,"date":"2016-08-30T13:38:52","date_gmt":"2016-08-30T11:38:52","guid":{"rendered":"http:\/\/beauty.kbsolution.pl\/?page_id=1689"},"modified":"2016-09-14T21:12:29","modified_gmt":"2016-09-14T19:12:29","slug":"pielegnacja-dloni-i-paznokci","status":"publish","type":"page","link":"https:\/\/beauty-center.pl\/index.php\/pielegnacja-dloni-i-paznokci\/","title":{"rendered":"PIEL\u0118GNACJA D\u0141ONI I PAZNOKCI"},"content":{"rendered":"<div  class=\"ui--tagline-box-wrapper ui--animation clearfix\"><div  id=\"tagline-1\" class=\"ui--tagline-box ui-row clearfix ui--tagline-box-custom-color radius-3px\" data-responsive=\"{&quot;css&quot;:{&quot;min-height&quot;:{&quot;phone&quot;:&quot;auto&quot;,&quot;tablet&quot;:&quot;auto&quot;,&quot;widescreen&quot;:&quot;&quot;}}}\"><div  class=\"ui--tagline-background-container ui--tagline-background-overlay radius-3px\"><\/div><div  class=\"ui--tagline-background-container ui--tagline-background-image radius-3px\"><\/div><div  class=\"ui--tagline-content\"><div class=\"ui-row row\">\n <div   class=\"ui-column span4\"><div id=\"nav_menu-9\" class=\"widget widget_nav_menu\"><h4 class=\"sidebar-widget-title ui--widget-title\"><span>STYLIZACJA PAZNOKCI<\/span><\/h4><div class=\"menu-stylizacja-paznokci-container\"><ul id=\"menu-stylizacja-paznokci\" class=\"menu\"><li id=\"menu-item-1696\" class=\"menu-item menu-item-type-post_type menu-item-object-page depth-0 to-right\"><a href=\"https:\/\/beauty-center.pl\/index.php\/pielegnacja-dloni-i-paznokci\/\">PIEL\u0118GNACJA D\u0141ONI I PAZNOKCI<\/a><\/li>\n<li id=\"menu-item-1698\" class=\"menu-item menu-item-type-post_type menu-item-object-page depth-0 to-right\"><a href=\"https:\/\/beauty-center.pl\/index.php\/tipsy-2\/\">TIPSY<\/a><\/li>\n<li id=\"menu-item-1699\" class=\"menu-item menu-item-type-post_type menu-item-object-page depth-0 to-right\"><a href=\"https:\/\/beauty-center.pl\/index.php\/manicure-i-pedicure-hybrydowy\/\">MANICURE I PEDICURE HYBRYDOWY<\/a><\/li>\n<li id=\"menu-item-1695\" class=\"menu-item menu-item-type-post_type menu-item-object-page depth-0 to-right\"><a href=\"https:\/\/beauty-center.pl\/index.php\/cennik-stylizacja-paznokci\/\">CENNIK STYLIZACJA PAZNOKCI<\/a><\/li>\n<\/ul><\/div><\/div><div class=\"auto-format ui--animation\"><\/div><\/div> \n\n <div   class=\"ui-column span8\"><div class=\"ui--title ui--animation ui--title-bordered text-center\"><div class=\"ui--title-holder\"><h3 class=\"ui--title-text\" style=\"color: #bd1e9d !important;\">ZABIEGI NA D\u0141ONIE<\/h3><div style=\"border-color: #bd1e9d !important;\" class=\"ui--title-borders ui--title-border-left\"><\/div><div style=\"border-color: #bd1e9d !important;\" class=\"ui--title-borders ui--title-border-right\"><\/div><\/div><\/div><div class=\"auto-format ui--animation\"><p>D\u0142onie s\u0105 jednym z najbardziej widocznych atrybut\u00f3w urody, a g\u0142adkie i wypiel\u0119gnowane &#8211; wizyt\u00f3wk\u0105 ka\u017cdej eleganckiej kobiety. Niestety bardzo rzadko po\u015bwi\u0119camy im tyle uwagi na ile zas\u0142uguj\u0105, a przecie\u017c w\u0142a\u015bciwa i systematyczna piel\u0119gnacja d\u0142oni to sekret ich pi\u0119kna i dobrej kondycji. Sk\u00f3ra d\u0142oni potrzebuje intensywnego nawil\u017cania i regeneracji, poniewa\u017c jest bardzo delikatna oraz cz\u0119\u015bciej ni\u017c inne cz\u0119\u015bci cia\u0142a &#8211; nara\u017cona na kontakt z wod\u0105, detergentami i szkodliwym dzia\u0142aniem czynnik\u00f3w zewn\u0119trznych. Z wiekiem traci elastyczno\u015b\u0107 i nie jest ju\u017c taka g\u0142adka jak kiedy\u015b. Na skutek przemian hormonalnych lub po nadmiernym opalaniu mog\u0105 pojawi\u0107 si\u0119 plamy i przebarwienia.<\/p>\n<\/div><div class=\"ui--title ui--animation ui--title-bordered text-center\"><div class=\"ui--title-holder\"><h3 class=\"ui--title-text\" style=\"color: #bd1e9d !important;\">KIEDY STOSOWA\u0106<\/h3><div style=\"border-color: #bd1e9d !important;\" class=\"ui--title-borders ui--title-border-left\"><\/div><div style=\"border-color: #bd1e9d !important;\" class=\"ui--title-borders ui--title-border-right\"><\/div><\/div><\/div><ul class=\"ui--list list-font-icon parent-1\"><li class=\"child-1 total-6 ui--animation\"><i class=\"list-icon 14px fontawesome-check\" style=\"color: #c700c7 !important;\"><\/i>gdy sk\u00f3ra jest szorstka, sucha, czasami si\u0119 \u0142uszczy<\/li><li class=\"child-2 total-6 ui--animation\"><i class=\"list-icon 14px fontawesome-check\" style=\"color: #c700c7 !important;\"><\/i>przy utracie j\u0119drno\u015bci i elastyczno\u015bci nask\u00f3rka<\/li><li class=\"child-3 total-6 ui--animation\"><i class=\"list-icon 14px fontawesome-check\" style=\"color: #c700c7 !important;\"><\/i>gdy pojawi\u0142y si\u0119 przebarwienia i plamki<\/li><li class=\"child-4 total-6 ui--animation\"><i class=\"list-icon 14px fontawesome-check\" style=\"color: #c700c7 !important;\"><\/i>sk\u00f3ra czerwieni si\u0119 na skutek przemro\u017cenia<\/li><li class=\"child-5 total-6 ui--animation\"><i class=\"list-icon 14px fontawesome-check\" style=\"color: #c700c7 !important;\"><\/i>masz zniszczone, \u0142amliwe paznokcie<\/li><li class=\"child-6 total-6 ui--animation\"><i class=\"list-icon 14px fontawesome-check\" style=\"color: #c700c7 !important;\"><\/i>chcesz zachowa\u0107 m\u0142odo\u015b\u0107 swoich d\u0142oni<\/li>  <\/ul><div class=\"ui--title ui--animation ui--title-bordered text-center\"><div class=\"ui--title-holder\"><h3 class=\"ui--title-text\" style=\"color: #bd1e9d !important;\"> NASZE ZABIEGI ZA CEL STAWIAJ\u0104 SOBIE:<\/h3><div style=\"border-color: #bd1e9d !important;\" class=\"ui--title-borders ui--title-border-left\"><\/div><div style=\"border-color: #bd1e9d !important;\" class=\"ui--title-borders ui--title-border-right\"><\/div><\/div><\/div><ul class=\"ui--list list-font-icon parent-2\"><li class=\"child-1 total-6 ui--animation\"><i class=\"list-icon 14px fontawesome-check\" style=\"color: #c700c7 !important;\"><\/i>wyg\u0142adzenie i lifting d\u0142oni<\/li><li class=\"child-2 total-6 ui--animation\"><i class=\"list-icon 14px fontawesome-check\" style=\"color: #c700c7 !important;\"><\/i>nawil\u017canie i od\u017cywianie sk\u00f3ry<\/li><li class=\"child-3 total-6 ui--animation\"><i class=\"list-icon 14px fontawesome-check\" style=\"color: #c700c7 !important;\"><\/i>stymulacja kom\u00f3rek i regeneracji tkanek sk\u00f3ry<\/li><li class=\"child-4 total-6 ui--animation\"><i class=\"list-icon 14px fontawesome-check\" style=\"color: #c700c7 !important;\"><\/i>przeciwdzia\u0142anie oznakom starzenia<\/li><li class=\"child-5 total-6 ui--animation\"><i class=\"list-icon 14px fontawesome-check\" style=\"color: #c700c7 !important;\"><\/i>zlikwidowanie wszelkich niedoskona\u0142o\u015bci<\/li><li class=\"child-6 total-6 ui--animation\"><i class=\"list-icon 14px fontawesome-check\" style=\"color: #c700c7 !important;\"><\/i>od\u017cywienie i wzmocnienie paznokci<\/li>  <\/ul><div class=\"ui--image-wrap clearfix text-center ui--block\"><img loading=\"lazy\" decoding=\"async\" width=\"300\" height=\"400\" src=\"https:\/\/beauty-center.pl\/wp-content\/uploads\/2016\/08\/paznokcie_sala1.jpg\" class=\"ui--image ui--animation\" alt=\"\" id=\"ui--image-1\" srcset=\"https:\/\/beauty-center.pl\/wp-content\/uploads\/2016\/08\/paznokcie_sala1.jpg 300w, https:\/\/beauty-center.pl\/wp-content\/uploads\/2016\/08\/paznokcie_sala1-225x300.jpg 225w\" sizes=\"auto, (max-width: 300px) 100vw, 300px\" \/><\/div><\/div> \n\n<\/div> \n<\/div><\/div><\/div>","protected":false},"excerpt":{"rendered":"<p>STYLIZACJA PAZNOKCIPIEL\u0118GNACJA D\u0141ONI I PAZNOKCI TIPSY MANICURE I PEDICURE HYBRYDOWY CENNIK STYLIZACJA PAZNOKCI ZABIEGI NA D\u0141ONIED\u0142onie s\u0105 jednym z najbardziej widocznych atrybut\u00f3w urody, a g\u0142adkie i wypiel\u0119gnowane &#8211; wizyt\u00f3wk\u0105 ka\u017cdej eleganckiej kobiety. Niestety bardzo rzadko po\u015bwi\u0119camy im tyle uwagi na ile zas\u0142uguj\u0105, a przecie\u017c w\u0142a\u015bciwa i systematyczna piel\u0119gnacja d\u0142oni to sekret ich pi\u0119kna i dobrej [&hellip;]<\/p>\n","protected":false},"author":1,"featured_media":0,"parent":0,"menu_order":0,"comment_status":"closed","ping_status":"closed","template":"","meta":{"footnotes":""},"class_list":["post-1689","page","type-page","status-publish","hentry"],"_links":{"self":[{"href":"https:\/\/beauty-center.pl\/index.php\/wp-json\/wp\/v2\/pages\/1689","targetHints":{"allow":["GET"]}}],"collection":[{"href":"https:\/\/beauty-center.pl\/index.php\/wp-json\/wp\/v2\/pages"}],"about":[{"href":"https:\/\/beauty-center.pl\/index.php\/wp-json\/wp\/v2\/types\/page"}],"author":[{"embeddable":true,"href":"https:\/\/beauty-center.pl\/index.php\/wp-json\/wp\/v2\/users\/1"}],"replies":[{"embeddable":true,"href":"https:\/\/beauty-center.pl\/index.php\/wp-json\/wp\/v2\/comments?post=1689"}],"version-history":[{"count":2,"href":"https:\/\/beauty-center.pl\/index.php\/wp-json\/wp\/v2\/pages\/1689\/revisions"}],"predecessor-version":[{"id":1720,"href":"https:\/\/beauty-center.pl\/index.php\/wp-json\/wp\/v2\/pages\/1689\/revisions\/1720"}],"wp:attachment":[{"href":"https:\/\/beauty-center.pl\/index.php\/wp-json\/wp\/v2\/media?parent=1689"}],"curies":[{"name":"wp","href":"https:\/\/api.w.org\/{rel}","templated":true}]}}