{"id":1723,"date":"2016-09-14T21:22:40","date_gmt":"2016-09-14T19:22:40","guid":{"rendered":"http:\/\/beauty.kbsolution.pl\/?page_id=1723"},"modified":"2016-09-14T21:22:40","modified_gmt":"2016-09-14T19:22:40","slug":"powiekszanie-ust-i-wypelnianie-zmarszczeck","status":"publish","type":"page","link":"https:\/\/beauty-center.pl\/index.php\/powiekszanie-ust-i-wypelnianie-zmarszczeck\/","title":{"rendered":"POWI\u0118KSZANIE UST I WYPE\u0141NIANIE ZMARSZCZECK"},"content":{"rendered":"<div  class=\"ui--tagline-box-wrapper ui--animation clearfix\"><div  id=\"tagline-1\" class=\"ui--tagline-box ui-row clearfix ui--tagline-box-custom-color radius-3px\" data-responsive=\"{&quot;css&quot;:{&quot;min-height&quot;:{&quot;phone&quot;:&quot;auto&quot;,&quot;tablet&quot;:&quot;auto&quot;,&quot;widescreen&quot;:&quot;&quot;}}}\"><div  class=\"ui--tagline-background-container ui--tagline-background-overlay radius-3px\"><\/div><div  class=\"ui--tagline-background-container ui--tagline-background-image radius-3px\"><\/div><div  class=\"ui--tagline-content\"><div class=\"ui-row row\">\n <div   class=\"ui-column span4\"><div id=\"nav_menu-10\" class=\"widget widget_nav_menu\"><h4 class=\"sidebar-widget-title ui--widget-title\"><span>KOSMETOLOGIA MEDYCZNA<\/span><\/h4><div class=\"menu-kosmetologia-medyczna-container\"><ul id=\"menu-kosmetologia-medyczna\" class=\"menu\"><li id=\"menu-item-1786\" class=\"menu-item menu-item-type-post_type menu-item-object-page menu-item-has-children depth-0 to-right\"><a href=\"https:\/\/beauty-center.pl\/index.php\/botox\/\">BOTOKS- likwidowanie zmarszczek<\/a>\n<ul class=\"sub-menu\">\n\t<li id=\"menu-item-2747\" class=\"menu-item menu-item-type-post_type menu-item-object-page depth-1 to-right\"><a href=\"https:\/\/beauty-center.pl\/index.php\/blokowanie-receptorow-glodu-botoxem\/\">Blokowanie receptor\u00f3w g\u0142odu botoxem<\/a><\/li>\n\t<li id=\"menu-item-2087\" class=\"menu-item menu-item-type-post_type menu-item-object-page depth-1 to-right\"><a href=\"https:\/\/beauty-center.pl\/index.php\/botox-leczenie-bruksizmu\/\">botoks-  bruksizm<\/a><\/li>\n\t<li id=\"menu-item-2092\" class=\"menu-item menu-item-type-post_type menu-item-object-page depth-1 to-right\"><a href=\"https:\/\/beauty-center.pl\/index.php\/botoks-leczenie-nadpotliwosci\/\">botoks- nadpotliwo\u015bci<\/a><\/li>\n\t<li id=\"menu-item-2946\" class=\"menu-item menu-item-type-post_type menu-item-object-page depth-1 to-right\"><a href=\"https:\/\/beauty-center.pl\/index.php\/botoks-full-face-2\/\">Botoks Full Face<\/a><\/li>\n<\/ul>\n<\/li>\n<li id=\"menu-item-2642\" class=\"menu-item menu-item-type-post_type menu-item-object-page depth-0 to-right\"><a href=\"https:\/\/beauty-center.pl\/index.php\/lip-flip-usta-botoks\/\">LIP FLIP \u2013 usta botoks<\/a><\/li>\n<li id=\"menu-item-2233\" class=\"menu-item menu-item-type-post_type menu-item-object-page depth-0 to-right\"><a href=\"https:\/\/beauty-center.pl\/index.php\/nici-liftingujace-haczykowe-4d\/\">NICI LIFTINGUJ\u0104CE HACZYKOWE 4D<\/a><\/li>\n<li id=\"menu-item-1728\" class=\"menu-item menu-item-type-post_type menu-item-object-page depth-0 to-right\"><a href=\"https:\/\/beauty-center.pl\/index.php\/nici-liftingujace-pdo\/\">NICI LIFTINGUJ\u0104CE PDO<\/a><\/li>\n<li id=\"menu-item-2637\" class=\"menu-item menu-item-type-post_type menu-item-object-page depth-0 to-right\"><a href=\"https:\/\/beauty-center.pl\/index.php\/nici-liftingujace-plla\/\">NICI LIFTINGUJ\u0104CE PLLA<\/a><\/li>\n<li id=\"menu-item-1729\" class=\"menu-item menu-item-type-post_type menu-item-object-page depth-0 to-right\"><a href=\"https:\/\/beauty-center.pl\/index.php\/powiekszanie-ust-i-wypelnianie-zmarszczeck\/\">POWI\u0118KSZANIE UST I WYPE\u0141NIANIE ZMARSZCZEK<\/a><\/li>\n<li id=\"menu-item-1733\" class=\"menu-item menu-item-type-post_type menu-item-object-page depth-0 to-right\"><a href=\"https:\/\/beauty-center.pl\/index.php\/wolumetria\/\">WOLUMETRIA<\/a><\/li>\n<li id=\"menu-item-1923\" class=\"menu-item menu-item-type-post_type menu-item-object-page depth-0 to-right\"><a href=\"https:\/\/beauty-center.pl\/index.php\/osocze-bogatoplytkowe-czyli-wampirzy-lifting\/\">OSOCZE BOGATOP\u0141YTKOWE, CZYLI WAMPIRZY LIFTING<\/a><\/li>\n<li id=\"menu-item-2564\" class=\"menu-item menu-item-type-post_type menu-item-object-page menu-item-has-children depth-0 to-right\"><a href=\"https:\/\/beauty-center.pl\/index.php\/stymulatory-tkankowe\/\">STYMULATORY TKANKOWE<\/a>\n<ul class=\"sub-menu\">\n\t<li id=\"menu-item-2774\" class=\"menu-item menu-item-type-post_type menu-item-object-page depth-1 to-right\"><a href=\"https:\/\/beauty-center.pl\/index.php\/kwas-polimlekowy\/\">kwas polimlekowy<\/a><\/li>\n\t<li id=\"menu-item-2782\" class=\"menu-item menu-item-type-post_type menu-item-object-page depth-1 to-right\"><a href=\"https:\/\/beauty-center.pl\/index.php\/tropokolagen\/\">tropokolagen<\/a><\/li>\n\t<li id=\"menu-item-2650\" class=\"menu-item menu-item-type-post_type menu-item-object-page depth-1 to-right\"><a href=\"https:\/\/beauty-center.pl\/index.php\/radisse\/\">radiesse<\/a><\/li>\n\t<li id=\"menu-item-2064\" class=\"menu-item menu-item-type-post_type menu-item-object-page depth-1 to-right\"><a href=\"https:\/\/beauty-center.pl\/index.php\/profhilo-molekula-mlodosci\/\">profhilo- moleku\u0142a m\u0142odo\u015bci<\/a><\/li>\n\t<li id=\"menu-item-2719\" class=\"menu-item menu-item-type-post_type menu-item-object-page depth-1 to-right\"><a href=\"https:\/\/beauty-center.pl\/index.php\/neauvia-stimulate\/\">Neauvia stimulate<\/a><\/li>\n\t<li id=\"menu-item-2662\" class=\"menu-item menu-item-type-post_type menu-item-object-page depth-1 to-right\"><a href=\"https:\/\/beauty-center.pl\/index.php\/neauvia-hydro-deluxe\/\">Neauvia Hydro Deluxe<\/a><\/li>\n\t<li id=\"menu-item-2676\" class=\"menu-item menu-item-type-post_type menu-item-object-page depth-1 to-right\"><a href=\"https:\/\/beauty-center.pl\/index.php\/neauvia\/\">neauvia Instense Flux<\/a><\/li>\n\t<li id=\"menu-item-2657\" class=\"menu-item menu-item-type-post_type menu-item-object-page depth-1 to-right\"><a href=\"https:\/\/beauty-center.pl\/index.php\/nithya\/\">nithya<\/a><\/li>\n\t<li id=\"menu-item-2274\" class=\"menu-item menu-item-type-post_type menu-item-object-page depth-1 to-right\"><a href=\"https:\/\/beauty-center.pl\/index.php\/nucleofill\/\">nucleofill<\/a><\/li>\n\t<li id=\"menu-item-2683\" class=\"menu-item menu-item-type-post_type menu-item-object-page depth-1 to-right\"><a href=\"https:\/\/beauty-center.pl\/index.php\/juvelook\/\">Juvelook<\/a><\/li>\n\t<li id=\"menu-item-2069\" class=\"menu-item menu-item-type-post_type menu-item-object-page depth-1 to-right\"><a href=\"https:\/\/beauty-center.pl\/index.php\/ellanse\/\">ellanse<\/a><\/li>\n\t<li id=\"menu-item-2080\" class=\"menu-item menu-item-type-post_type menu-item-object-page depth-1 to-right\"><a href=\"https:\/\/beauty-center.pl\/index.php\/sunekos-2\/\">sunekos<\/a><\/li>\n\t<li id=\"menu-item-2288\" class=\"menu-item menu-item-type-post_type menu-item-object-page depth-1 to-right\"><a href=\"https:\/\/beauty-center.pl\/index.php\/prostrolane\/\">prostolane<\/a><\/li>\n<\/ul>\n<\/li>\n<li id=\"menu-item-2293\" class=\"menu-item menu-item-type-post_type menu-item-object-page depth-0 to-right\"><a href=\"https:\/\/beauty-center.pl\/index.php\/laser-frakcyjny\/\">LASER FRAKCYJNY<\/a><\/li>\n<li id=\"menu-item-2797\" class=\"menu-item menu-item-type-post_type menu-item-object-page depth-0 to-right\"><a href=\"https:\/\/beauty-center.pl\/index.php\/laserowe-usuwanie-tatuazu\/\">LASEROWE USUWANIE TATUA\u017bU<\/a><\/li>\n<li id=\"menu-item-2356\" class=\"menu-item menu-item-type-post_type menu-item-object-page menu-item-has-children depth-0 to-right\"><a href=\"https:\/\/beauty-center.pl\/index.php\/mezoterapia-iglowa-2\/\">MEZOTERAPIA IG\u0141OWA<\/a>\n<ul class=\"sub-menu\">\n\t<li id=\"menu-item-2559\" class=\"menu-item menu-item-type-post_type menu-item-object-page depth-1 to-right\"><a href=\"https:\/\/beauty-center.pl\/index.php\/2556-2\/\">mezoterapia worki i cienie pod oczami<\/a><\/li>\n\t<li id=\"menu-item-2560\" class=\"menu-item menu-item-type-post_type menu-item-object-page depth-1 to-right\"><a href=\"https:\/\/beauty-center.pl\/index.php\/2553-2\/\">mezoterapia Koktajl witaminowy<\/a><\/li>\n\t<li id=\"menu-item-2379\" class=\"menu-item menu-item-type-post_type menu-item-object-page depth-1 to-right\"><a href=\"https:\/\/beauty-center.pl\/index.php\/mezoterapia-pod-oczy\/\">mezoterapia pod oczy<\/a><\/li>\n<\/ul>\n<\/li>\n<li id=\"menu-item-2539\" class=\"menu-item menu-item-type-post_type menu-item-object-page depth-0 to-right\"><a href=\"https:\/\/beauty-center.pl\/index.php\/kwasy-tca\/\">Peelingi chemiczne PRZEBARWIENIA<\/a><\/li>\n<li id=\"menu-item-2544\" class=\"menu-item menu-item-type-post_type menu-item-object-page depth-0 to-right\"><a href=\"https:\/\/beauty-center.pl\/index.php\/peelingi-chemiczne-tradzik\/\">Peelingi chemiczne TR\u0104DZIK<\/a><\/li>\n<\/ul><\/div><\/div><div class=\"auto-format ui--animation\"><\/div><\/div> \n\n <div   class=\"ui-column span8\"><div class=\"ui--title ui--animation ui--title-bordered text-center\"><div class=\"ui--title-holder\"><h3 class=\"ui--title-text\" style=\"color: #bd1e9d !important;\">POWI\u0118KSZANIE UST I WYPE\u0141NIANIE ZMARSZCZECK<\/h3><div style=\"border-color: #bd1e9d !important;\" class=\"ui--title-borders ui--title-border-left\"><\/div><div style=\"border-color: #bd1e9d !important;\" class=\"ui--title-borders ui--title-border-right\"><\/div><\/div><\/div><div class=\"auto-format ui--animation\"><p> Wype\u0142nianie ust nale\u017cy do pierwszej tr\u00f3jki najpopularniejszych zabieg\u00f3w medycyny i kosmetologii estetycznej. \u0141adne, pe\u0142ne i proporcjonale usta dodadz\u0105 urody ka\u017cdej kobiecie. Usta, podobnie jak zgrabna sylwetka, stanowi\u0105 atrybut kobiecego pi\u0119kna. Dzi\u0119ki nowoczesnej technologii preparat\u00f3w po wykonaniu prostego, trwaj\u0105cego oko\u0142o 30 minut zabiegu, mo\u017cna osi\u0105gn\u0105\u0107 wymarzony kszta\u0142t i wielko\u015b\u0107 ust (w zale\u017cno\u015bci od \u017cyczenia pacjentki mo\u017cna je powi\u0119kszy\u0107 naprawd\u0119 znacz\u0105co), poprawi\u0107 ich kontur, podkre\u015bli\u0107 czerwie\u0144 wargow\u0105, zniwelowa\u0107 pojawiaj\u0105ce si\u0119 wok\u00f3\u0142 nich zmarszczki (tzw. \u201ezmarszczki palacza&#8221;).<br \/>\nEfekt utrzymuje si\u0119 od ok. 9 do 16 miesi\u0119cy. Zabiegi wykonywane s\u0105 preparatami Aliaxin, Dermafill<\/p>\n<p>informacja dotycz\u0105ca zabiegu tel. 509 347 664<\/p>\n<p>Najpopularniejsza i najbezpieczniejsza substancja stosowana do wype\u0142niania zmarszczek i bruzd to kwas hialuronowy.  Do zabieg\u00f3w u\u017cywamy wysokiej jako\u015bci certyfikowanych preparat\u00f3w. Kwas hialuronowy nadaje wargom obj\u0119to\u015bci, koryguje kontur ust i podnosi opadaj\u0105ce k\u0105ciki, co nadaje twarzy du\u017co m\u0142odszy wygl\u0105d. Efekt zabiegu jest natychmiastowy.<\/p>\n<p>Opis zabiegu:<br \/>\nKwas hialuronowy wyst\u0119puje w sk\u00f3rze w spos\u00f3b naturalny &#8211; jest podstawowym sk\u0142adnikiem sk\u00f3ry, kt\u00f3ry utrzymuje jej w\u0142a\u015bciwy poziom nawil\u017cenia i j\u0119drno\u015bci. Niestety wraz z wiekiem jego ilo\u015b\u0107 stopniowo si\u0119 zmniejsza, wskutek czego sk\u00f3ra wysusza si\u0119, wiotczeje, pojawiaj\u0105 si\u0119 zmarszczki, a policzki i usta trac\u0105 swoj\u0105 obj\u0119to\u015b\u0107. Kwas hialuronowy jest czysto krystalicznym \u017celem\u2013 polisacharydu naturalnie wyst\u0119puj\u0105cego w organizmie, poddanego procesowi stabilizacji. Gdyby u\u017cy\u0107 kwasu hialuronowego w zwyk\u0142ej formie i wstrzykn\u0105\u0107 do organizmu, ulegnie on degradacji w ci\u0105gu kilku dni.<br \/>\nPreparaty zawieraj\u0105ce kwas hialuronowy wstrzykni\u0119te do sk\u00f3ry w\u0142a\u015bciwej skutecznie uzupe\u0142niaj\u0105 jego niedob\u00f3r, nawil\u017caj\u0105 sk\u00f3r\u0119, wype\u0142niaj\u0105 zmarszczki, nadaj\u0105 obj\u0119to\u015b\u0107, modeluj\u0105 usta, poprawiaj\u0105 kontur twarzy, pobudzaj\u0105 naturalne procesy regeneracyjne sk\u00f3ry, dzi\u0119ki czemu nawet po wch\u0142oni\u0119ciu preparatu sk\u00f3ra wygl\u0105da lepiej ni\u017c przed zabiegiem.<\/p>\n<p>Kwas hialuronowy wykorzystywany do wyg\u0142adzania zmarszczek jest preparatem syntetycznym, co znacznie zmniejsza ryzyko wyst\u0105pienia objaw\u00f3w alergii. Zapewnia nam du\u017c\u0105 wygod\u0119, gdy\u017c nie wymaga wcze\u015bniejszej pr\u00f3by uczuleniowej.<\/p>\n<p>Czy zabieg jest bolesny?<\/p>\n<p>przed zabiegiem miejsca, w kt\u00f3re chcemy poda\u0107 preparat smarujemy kremem, kt\u00f3ry w swoim sk\u0142adzie zawiera \u015brodek znieczulaj\u0105cy.<\/p>\n<p>Kiedy powstaje i jak d\u0142ugo utrzymuje si\u0119 efekt?<\/p>\n<p>Zabiegi wyg\u0142adzania zmarszczek kwasem hialuronowym s\u0105 bardzo skuteczne, daj\u0105 natychmiastowe efekty, niemniej jednak nie s\u0105 to zabiegi, kt\u00f3re wykonujemy raz na zawsze. Organizm ludzki posiada w\u0142asny system enzymatycznego rozk\u0142adu kwasu hialuronowego. Efekt po zabiegu utrzymuje si\u0119 zwykle od 6 do 18 miesi\u0119cy, po tym czasie Kwas hialuronowy ulega naturalnemu wch\u0142oni\u0119ciu (biodegradacji). Nale\u017cy w\u00f3wczas zabieg powt\u00f3rzy\u0107, co z jednej strony uzna\u0107 mo\u017cna za wad\u0119, z drugiej za\u015b za zalet\u0119, poniewa\u017c dzi\u0119ki temu s\u0105 to zabiegi ca\u0142kowicie bezpieczne. Daj\u0105 gwarancj\u0119, \u017ce po jakim\u015b czasie efekt minie i nie spowoduje trwa\u0142ej zmiany w wygl\u0105dzie twarzy. Proces ten jest wi\u0119c w stu procentach odwracalny w czasie.<br \/>\nSchemat terapii<\/p>\n<\/div><div class=\"ui--title ui--animation ui--title-bordered text-center\"><div class=\"ui--title-holder\"><h3 class=\"ui--title-text\" style=\"color: #bd1e9d !important;\">   informacja dotycz\u0105ca zabiegu tel. 509 347 664<\/h3><div style=\"border-color: #bd1e9d !important;\" class=\"ui--title-borders ui--title-border-left\"><\/div><div style=\"border-color: #bd1e9d !important;\" class=\"ui--title-borders ui--title-border-right\"><\/div><\/div><\/div><div class=\"ui--image-wrap clearfix text-center ui--block\" style=\"margin-top: 15px;  margin-bottom: 25px;\"><img loading=\"lazy\" decoding=\"async\" width=\"600\" height=\"398\" src=\"https:\/\/beauty-center.pl\/wp-content\/uploads\/2016\/09\/6mtApm.jpg\" class=\"ui--image ui--animation\" alt=\"\" id=\"ui--image-1\" srcset=\"https:\/\/beauty-center.pl\/wp-content\/uploads\/2016\/09\/6mtApm.jpg 600w, https:\/\/beauty-center.pl\/wp-content\/uploads\/2016\/09\/6mtApm-300x199.jpg 300w\" sizes=\"auto, (max-width: 600px) 100vw, 600px\" \/><\/div><div class=\"auto-format ui--animation\"><p>Preparaty do wype\u0142niania zmarszczek kwasem hialuronowym maj\u0105 posta\u0107 krystalicznego, bardzo plastycznego i elastycznego \u017celu, kt\u00f3ry po wprowadzeniu do sk\u00f3ry wype\u0142nia zmarszczk\u0119, daj\u0105c bardzo naturalne efekty. Podawane s\u0105 bardzo cienkimi ig\u0142ami co zmniejsza doznania b\u00f3lowe. Po wstrzykni\u0119ciu \u017celu w lini\u0119 zmarszczki lub w usta preparat wi\u0105\u017ce wod\u0119 i powi\u0119ksza obj\u0119to\u015b\u0107 danej okolicy wyg\u0142adzaj\u0105c zmarszczki. Zabieg trwa zazwyczaj do 30 minut. Rezultat mo\u017cna obejrze\u0107 natychmiast w lusterku. Zabiegi nie powoduj\u0105 wy\u0142\u0105czenia pacjenta z codziennego \u017cycia. <\/p>\n<\/div><div class=\"ui--title ui--animation ui--title-bordered text-center\"><div class=\"ui--title-holder\"><h3 class=\"ui--title-text\" style=\"color: #bd1e9d !important;\">WSKAZANIA DO ZABIEGU<\/h3><div style=\"border-color: #bd1e9d !important;\" class=\"ui--title-borders ui--title-border-left\"><\/div><div style=\"border-color: #bd1e9d !important;\" class=\"ui--title-borders ui--title-border-right\"><\/div><\/div><\/div><ul class=\"ui--list list-font-icon parent-1\"><li class=\"child-1 total-14 ui--animation\"><i class=\"list-icon 14px fontawesome-check\" style=\"color: #e000e0 !important;\"><\/i>Poziome zmarszczki czo\u0142a<\/li><li class=\"child-2 total-14 ui--animation\"><i class=\"list-icon 14px fontawesome-check\" style=\"color: #e000e0 !important;\"><\/i>Zmarszczki g\u0142adzizny<\/li><li class=\"child-3 total-14 ui--animation\"><i class=\"list-icon 14px fontawesome-check\" style=\"color: #e000e0 !important;\"><\/i>Linia brwi<\/li><li class=\"child-4 total-14 ui--animation\"><i class=\"list-icon 14px fontawesome-check\" style=\"color: #e000e0 !important;\"><\/i>Zmarszczki oko\u0142ooczodo\u0142owe<\/li><li class=\"child-5 total-14 ui--animation\"><i class=\"list-icon 14px fontawesome-check\" style=\"color: #e000e0 !important;\"><\/i>Dolina \u0142ez<\/li><li class=\"child-6 total-14 ui--animation\"><i class=\"list-icon 14px fontawesome-check\" style=\"color: #e000e0 !important;\"><\/i>Nos<\/li><li class=\"child-7 total-14 ui--animation\"><i class=\"list-icon 14px fontawesome-check\" style=\"color: #e000e0 !important;\"><\/i>Modelowanie policzk\u00f3w<\/li><li class=\"child-8 total-14 ui--animation\"><i class=\"list-icon 14px fontawesome-check\" style=\"color: #e000e0 !important;\"><\/i>Fa\u0142dy wargowo-nosowe<\/li><li class=\"child-9 total-14 ui--animation\"><i class=\"list-icon 14px fontawesome-check\" style=\"color: #e000e0 !important;\"><\/i>Zmarszczki palacza<\/li><li class=\"child-10 total-14 ui--animation\"><i class=\"list-icon 14px fontawesome-check\" style=\"color: #e000e0 !important;\"><\/i>Kontur ust<\/li><li class=\"child-11 total-14 ui--animation\"><i class=\"list-icon 14px fontawesome-check\" style=\"color: #e000e0 !important;\"><\/i>Zmarszczki \u015bmiechowe<\/li><li class=\"child-12 total-14 ui--animation\"><i class=\"list-icon 14px fontawesome-check\" style=\"color: #e000e0 !important;\"><\/i>Linie marionetki<\/li><li class=\"child-13 total-14 ui--animation\"><i class=\"list-icon 14px fontawesome-check\" style=\"color: #e000e0 !important;\"><\/i>Wype\u0142nianie ust<\/li><li class=\"child-14 total-14 ui--animation\"><i class=\"list-icon 14px fontawesome-check\" style=\"color: #e000e0 !important;\"><\/i>Kszta\u0142towanie brody<\/li>  <\/ul><div class=\"auto-format ui--animation\"><p>Uwaga! Odst\u0119p czasowy mi\u0119dzy zabiegiem wype\u0142niania zmarszczek, a innymi metodami odm\u0142adzania sk\u00f3ry (iniekcje toksyny botulinowej &#8211; Botox, laseroterapia, peeling chemiczny, mikrodermabrazja) powinien wynosi\u0107 min. 3 tygodnie.<\/p>\n<p><strong> Przeciwwskazania do stosowania kwasu hialuronowego:<\/strong><\/p>\n<ul>\n<li>stwierdzone uczulenie na kwas hialuronowy,<\/li>\n<li>    choroby autoimmunologiczne,<\/li>\n<li>    niewyr\u00f3wnana cukrzyca,<\/li>\n<li>    tendencje do powstawania bliznowc\u00f3w,<\/li>\n<li>    aktywne zaka\u017cenia okolicy zabiegu,<\/li>\n<li>    choroba nowotworowa,<\/li>\n<li>    ci\u0105\u017ca, okres karmienia piersi\u0105,<\/li>\n<li>    hemofilia.<\/li>\n<\/ul>\n<p><strong>Zalecenia po zabiegu:<\/strong><\/p>\n<ul>\n<li> Bezpo\u015brednio po zabiegu na leczone obszary mog\u0105 by\u0107 przy\u0142o\u017cone zimne kompresy.<\/li>\n<li>    Nale\u017cy unika\u0107 dotykania korygowanych obszar\u00f3w przez 6 godzin po zabiegu.<\/li>\n<li>    Je\u015bli w trakcie zabiegu modelowane by\u0142y usta lub ich okolice, przez 24 godziny unikaj gor\u0105cych napoj\u00f3w i ca\u0142owania.<\/li>\n<li>    Bezpo\u015brednio po zabiegu nie wolno przyjmowa\u0107 aspiryny lub podobnych lek\u00f3w.<\/li>\n<li>    Po 6 godzinach mo\u017cna delikatnie przemy\u0107 leczone obszary myd\u0142em i wod\u0105, a tak\u017ce na\u0142o\u017cy\u0107 makija\u017c.<\/li>\n<li>    Przez minimum 48 godziny nie wolno masowa\u0107, nie wolno trze\u0107 i pociera\u0107 leczonych obszar\u00f3w.<\/li>\n<li>    Przez minimum 12 godzin unika\u0107 nale\u017cy spo\u017cywania alkoholu.<\/li>\n<li>    W dniu zabiegu nale\u017cy unika\u0107 intensywnego wysi\u0142ku i nagrzania cia\u0142a (sauna, solarium, promienie s\u0142oneczne) oraz nadmiernego zimna.<\/li>\n<\/ul>\n<\/div><div class=\"auto-format ui--animation\"><p><strong> Czy nale\u017cy w jaki\u015b szczeg\u00f3lny spos\u00f3b przygotowa\u0107 si\u0119 do zabiegu?<\/strong><br \/>\nZabieg nie wymaga specjalnych przygotowa\u0144. Jest to jeden z zabieg\u00f3w, kt\u00f3re mo\u017cna wykona\u0107 w tzw. przerwie na lunch. Tydzie\u0144 przed zabiegiem unika\u0107 nale\u017cy za\u017cywania aspiryny, wysokich dawek suplement\u00f3w witaminy E oraz innych niesteroidowych lek\u00f3w przeciwzapalnych. W tygodniu poprzedzaj\u0105cym zabieg, jako alternatywny lek przeciwb\u00f3lowy mo\u017ce by\u0107 stosowany Paracetamol. Na dzie\u0144 przed zabiegiem zaleca si\u0119 wyeliminowanie picia alkoholu.<\/p>\n<p><strong>Jak wygl\u0105da zabieg?<\/strong><br \/>\nJe\u017celi jest taka potrzeba to najpierw znieczula si\u0119 miejsca, kt\u00f3re b\u0119d\u0105 poddane zbiegowi (krem znieczulaj\u0105cy). Nast\u0119pnie, po dok\u0142adnym odka\u017ceniu sk\u00f3ry aplikuje si\u0119 poprzez wstrzykni\u0119cie cienk\u0105 ig\u0142a odpowiedniego dla danego pacjenta preparatu.<\/p>\n<p><strong>Jak d\u0142ugo trwa zabieg?<\/strong><br \/>\nSam zabieg trwa oko\u0142o p\u00f3\u0142 godziny plus czas potrzebny na znieczulenie.<\/p>\n<p><strong>Czy zabieg jest bolesny?<\/strong><br \/>\nGdy przed zabiegiem odpowiednio wcze\u015bnie u\u017cyjemy kremu znieczulaj\u0105cego zabieg nie powinien by\u0107 bolesny.<\/p>\n<p><strong>Czy s\u0105 jeszcze dodatkowe zalety zabiegu opr\u00f3cz tych estetycznych, widocznych?<\/strong><br \/>\nZalet\u0105 kwasu hialuronowego jest to, \u017ce po jego wch\u0142oni\u0119ciu si\u0119 nigdy nie jest gorzej ni\u017c przed zabiegiem, a u wielu pacjent\u00f3w jest lepiej, gdy\u017c kwas hialuronowy pozostawiony w sk\u00f3rze ca\u0142y czas pracuje nad ni\u0105, stymuluje j\u0105, zmusza do pracy jak najlepszy, d\u0142ugo trwa\u0142y zabieg kosmetyczny.<\/p>\n<p><strong>Jakie mog\u0105 wyst\u0119powa\u0107 dzia\u0142ania niepo\u017c\u0105dane?<\/strong><br \/>\nBezpo\u015brednio po zabiegu mog\u0105 pojawi\u0107 si\u0119 zaczerwienienie i lekki obrz\u0119k lub drobne siniaki, jednak efekty te znikaj\u0105 samoistnie w ci\u0105gu dw\u00f3ch, trzech dni.<\/p>\n<p><strong>Czy mo\u017cna wykonywa\u0107 zabiegi o ka\u017cdej porze roku, czy nie przeszkadza zbyt du\u017ce nas\u0142onecznienie lub mr\u00f3z?<\/strong><br \/>\nZabiegi mo\u017cna wykonywa\u0107 o ka\u017cdej porze roku. Bezpo\u015brednio po zabiegu unikamy s\u0142o\u0144ca, solarium przez kilka dni, aby nie powsta\u0142y przebarwienia w miejscach iniekcji.<\/p>\n<p><strong>Co si\u0119 dzieje po zabiegu, czy mo\u017cna od razu wr\u00f3ci\u0107 do pracy, malowa\u0107 si\u0119, czy odczuwa si\u0119 potem b\u00f3l i dr\u0119twienie, czy s\u0105 siniaki?<\/strong><br \/>\nPo zabiegu wykonuje si\u0119 makija\u017c koryguj\u0105cy i mo\u017cna wr\u00f3ci\u0107 do pracy. Je\u017celi dzia\u0142a jeszcze znieczulenie mo\u017cna odczuwa\u0107 lekkie dr\u0119twienie. Oczywi\u015bcie mog\u0105 pojawi\u0107 si\u0119 drobne siniaki, ale mo\u017cna je zatuszowa\u0107 makija\u017cem.<\/p>\n<\/div><div class=\"auto-format ui--animation\"><p>\n<table id=\"tablepress-47\" class=\"tablepress tablepress-id-47\">\n<thead>\n<tr class=\"row-1\">\n\t<th class=\"column-1\">zabieg<\/th><th class=\"column-2\">czas<\/th><th class=\"column-3\">cena<\/th>\n<\/tr>\n<\/thead>\n<tbody class=\"row-striping row-hover\">\n<tr class=\"row-2\">\n\t<td class=\"column-1\">kwas hialuronowy  usta 0,5 ml. <\/td><td class=\"column-2\">15 min.<\/td><td class=\"column-3\">300<\/td>\n<\/tr>\n<tr class=\"row-3\">\n\t<td class=\"column-1\">kwas hialuronowy 1 ml.<\/td><td class=\"column-2\">20 min.<\/td><td class=\"column-3\">500<\/td>\n<\/tr>\n<tr class=\"row-4\">\n\t<td class=\"column-1\"><\/td><td class=\"column-2\"><\/td><td class=\"column-3\"><\/td>\n<\/tr>\n<tr class=\"row-5\">\n\t<td class=\"column-1\"><\/td><td class=\"column-2\"><\/td><td class=\"column-3\"><\/td>\n<\/tr>\n<\/tbody>\n<\/table>\n<\/p>\n<\/div><\/div> \n\n<\/div> \n<\/div><\/div><\/div>","protected":false},"excerpt":{"rendered":"<p>KOSMETOLOGIA MEDYCZNABOTOKS- likwidowanie zmarszczek Blokowanie receptor\u00f3w g\u0142odu botoxem botoks- bruksizm botoks- nadpotliwo\u015bci Botoks Full Face LIP FLIP \u2013 usta botoks NICI LIFTINGUJ\u0104CE HACZYKOWE 4D NICI LIFTINGUJ\u0104CE PDO NICI LIFTINGUJ\u0104CE PLLA POWI\u0118KSZANIE UST I WYPE\u0141NIANIE ZMARSZCZEK WOLUMETRIA OSOCZE BOGATOP\u0141YTKOWE, CZYLI WAMPIRZY LIFTING STYMULATORY TKANKOWE kwas polimlekowy tropokolagen radiesse profhilo- moleku\u0142a m\u0142odo\u015bci Neauvia stimulate Neauvia Hydro Deluxe [&hellip;]<\/p>\n","protected":false},"author":1,"featured_media":0,"parent":0,"menu_order":0,"comment_status":"closed","ping_status":"closed","template":"","meta":{"footnotes":""},"class_list":["post-1723","page","type-page","status-publish","hentry"],"_links":{"self":[{"href":"https:\/\/beauty-center.pl\/index.php\/wp-json\/wp\/v2\/pages\/1723","targetHints":{"allow":["GET"]}}],"collection":[{"href":"https:\/\/beauty-center.pl\/index.php\/wp-json\/wp\/v2\/pages"}],"about":[{"href":"https:\/\/beauty-center.pl\/index.php\/wp-json\/wp\/v2\/types\/page"}],"author":[{"embeddable":true,"href":"https:\/\/beauty-center.pl\/index.php\/wp-json\/wp\/v2\/users\/1"}],"replies":[{"embeddable":true,"href":"https:\/\/beauty-center.pl\/index.php\/wp-json\/wp\/v2\/comments?post=1723"}],"version-history":[{"count":2,"href":"https:\/\/beauty-center.pl\/index.php\/wp-json\/wp\/v2\/pages\/1723\/revisions"}],"predecessor-version":[{"id":2308,"href":"https:\/\/beauty-center.pl\/index.php\/wp-json\/wp\/v2\/pages\/1723\/revisions\/2308"}],"wp:attachment":[{"href":"https:\/\/beauty-center.pl\/index.php\/wp-json\/wp\/v2\/media?parent=1723"}],"curies":[{"name":"wp","href":"https:\/\/api.w.org\/{rel}","templated":true}]}}