{"id":1730,"date":"2016-09-14T21:38:38","date_gmt":"2016-09-14T19:38:38","guid":{"rendered":"http:\/\/beauty.kbsolution.pl\/?page_id=1730"},"modified":"2016-09-14T21:38:38","modified_gmt":"2016-09-14T19:38:38","slug":"wolumetria","status":"publish","type":"page","link":"https:\/\/beauty-center.pl\/index.php\/wolumetria\/","title":{"rendered":"WOLUMETRIA"},"content":{"rendered":"<div  class=\"ui--tagline-box-wrapper ui--animation clearfix\"><div  id=\"tagline-1\" class=\"ui--tagline-box ui-row clearfix ui--tagline-box-custom-color radius-3px\" data-responsive=\"{&quot;css&quot;:{&quot;min-height&quot;:{&quot;phone&quot;:&quot;auto&quot;,&quot;tablet&quot;:&quot;auto&quot;,&quot;widescreen&quot;:&quot;&quot;}}}\"><div  class=\"ui--tagline-background-container ui--tagline-background-overlay radius-3px\"><\/div><div  class=\"ui--tagline-background-container ui--tagline-background-image radius-3px\"><\/div><div  class=\"ui--tagline-content\"><div class=\"ui-row row\">\n <div   class=\"ui-column span4\"><div id=\"nav_menu-10\" class=\"widget widget_nav_menu\"><h4 class=\"sidebar-widget-title ui--widget-title\"><span>KOSMETOLOGIA MEDYCZNA<\/span><\/h4><div class=\"menu-kosmetologia-medyczna-container\"><ul id=\"menu-kosmetologia-medyczna\" class=\"menu\"><li id=\"menu-item-1786\" class=\"menu-item menu-item-type-post_type menu-item-object-page menu-item-has-children depth-0 to-right\"><a href=\"https:\/\/beauty-center.pl\/index.php\/botox\/\">BOTOKS- likwidowanie zmarszczek<\/a>\n<ul class=\"sub-menu\">\n\t<li id=\"menu-item-2747\" class=\"menu-item menu-item-type-post_type menu-item-object-page depth-1 to-right\"><a href=\"https:\/\/beauty-center.pl\/index.php\/blokowanie-receptorow-glodu-botoxem\/\">Blokowanie receptor\u00f3w g\u0142odu botoxem<\/a><\/li>\n\t<li id=\"menu-item-2087\" class=\"menu-item menu-item-type-post_type menu-item-object-page depth-1 to-right\"><a href=\"https:\/\/beauty-center.pl\/index.php\/botox-leczenie-bruksizmu\/\">botoks-  bruksizm<\/a><\/li>\n\t<li id=\"menu-item-2092\" class=\"menu-item menu-item-type-post_type menu-item-object-page depth-1 to-right\"><a href=\"https:\/\/beauty-center.pl\/index.php\/botoks-leczenie-nadpotliwosci\/\">botoks- nadpotliwo\u015bci<\/a><\/li>\n\t<li id=\"menu-item-2946\" class=\"menu-item menu-item-type-post_type menu-item-object-page depth-1 to-right\"><a href=\"https:\/\/beauty-center.pl\/index.php\/botoks-full-face-2\/\">Botoks Full Face<\/a><\/li>\n<\/ul>\n<\/li>\n<li id=\"menu-item-2642\" class=\"menu-item menu-item-type-post_type menu-item-object-page depth-0 to-right\"><a href=\"https:\/\/beauty-center.pl\/index.php\/lip-flip-usta-botoks\/\">LIP FLIP \u2013 usta botoks<\/a><\/li>\n<li id=\"menu-item-2233\" class=\"menu-item menu-item-type-post_type menu-item-object-page depth-0 to-right\"><a href=\"https:\/\/beauty-center.pl\/index.php\/nici-liftingujace-haczykowe-4d\/\">NICI LIFTINGUJ\u0104CE HACZYKOWE 4D<\/a><\/li>\n<li id=\"menu-item-1728\" class=\"menu-item menu-item-type-post_type menu-item-object-page depth-0 to-right\"><a href=\"https:\/\/beauty-center.pl\/index.php\/nici-liftingujace-pdo\/\">NICI LIFTINGUJ\u0104CE PDO<\/a><\/li>\n<li id=\"menu-item-2637\" class=\"menu-item menu-item-type-post_type menu-item-object-page depth-0 to-right\"><a href=\"https:\/\/beauty-center.pl\/index.php\/nici-liftingujace-plla\/\">NICI LIFTINGUJ\u0104CE PLLA<\/a><\/li>\n<li id=\"menu-item-1729\" class=\"menu-item menu-item-type-post_type menu-item-object-page depth-0 to-right\"><a href=\"https:\/\/beauty-center.pl\/index.php\/powiekszanie-ust-i-wypelnianie-zmarszczeck\/\">POWI\u0118KSZANIE UST I WYPE\u0141NIANIE ZMARSZCZEK<\/a><\/li>\n<li id=\"menu-item-1733\" class=\"menu-item menu-item-type-post_type menu-item-object-page depth-0 to-right\"><a href=\"https:\/\/beauty-center.pl\/index.php\/wolumetria\/\">WOLUMETRIA<\/a><\/li>\n<li id=\"menu-item-1923\" class=\"menu-item menu-item-type-post_type menu-item-object-page depth-0 to-right\"><a href=\"https:\/\/beauty-center.pl\/index.php\/osocze-bogatoplytkowe-czyli-wampirzy-lifting\/\">OSOCZE BOGATOP\u0141YTKOWE, CZYLI WAMPIRZY LIFTING<\/a><\/li>\n<li id=\"menu-item-2564\" class=\"menu-item menu-item-type-post_type menu-item-object-page menu-item-has-children depth-0 to-right\"><a href=\"https:\/\/beauty-center.pl\/index.php\/stymulatory-tkankowe\/\">STYMULATORY TKANKOWE<\/a>\n<ul class=\"sub-menu\">\n\t<li id=\"menu-item-2774\" class=\"menu-item menu-item-type-post_type menu-item-object-page depth-1 to-right\"><a href=\"https:\/\/beauty-center.pl\/index.php\/kwas-polimlekowy\/\">kwas polimlekowy<\/a><\/li>\n\t<li id=\"menu-item-2782\" class=\"menu-item menu-item-type-post_type menu-item-object-page depth-1 to-right\"><a href=\"https:\/\/beauty-center.pl\/index.php\/tropokolagen\/\">tropokolagen<\/a><\/li>\n\t<li id=\"menu-item-2650\" class=\"menu-item menu-item-type-post_type menu-item-object-page depth-1 to-right\"><a href=\"https:\/\/beauty-center.pl\/index.php\/radisse\/\">radiesse<\/a><\/li>\n\t<li id=\"menu-item-2064\" class=\"menu-item menu-item-type-post_type menu-item-object-page depth-1 to-right\"><a href=\"https:\/\/beauty-center.pl\/index.php\/profhilo-molekula-mlodosci\/\">profhilo- moleku\u0142a m\u0142odo\u015bci<\/a><\/li>\n\t<li id=\"menu-item-2719\" class=\"menu-item menu-item-type-post_type menu-item-object-page depth-1 to-right\"><a href=\"https:\/\/beauty-center.pl\/index.php\/neauvia-stimulate\/\">Neauvia stimulate<\/a><\/li>\n\t<li id=\"menu-item-2662\" class=\"menu-item menu-item-type-post_type menu-item-object-page depth-1 to-right\"><a href=\"https:\/\/beauty-center.pl\/index.php\/neauvia-hydro-deluxe\/\">Neauvia Hydro Deluxe<\/a><\/li>\n\t<li id=\"menu-item-2676\" class=\"menu-item menu-item-type-post_type menu-item-object-page depth-1 to-right\"><a href=\"https:\/\/beauty-center.pl\/index.php\/neauvia\/\">neauvia Instense Flux<\/a><\/li>\n\t<li id=\"menu-item-2657\" class=\"menu-item menu-item-type-post_type menu-item-object-page depth-1 to-right\"><a href=\"https:\/\/beauty-center.pl\/index.php\/nithya\/\">nithya<\/a><\/li>\n\t<li id=\"menu-item-2274\" class=\"menu-item menu-item-type-post_type menu-item-object-page depth-1 to-right\"><a href=\"https:\/\/beauty-center.pl\/index.php\/nucleofill\/\">nucleofill<\/a><\/li>\n\t<li id=\"menu-item-2683\" class=\"menu-item menu-item-type-post_type menu-item-object-page depth-1 to-right\"><a href=\"https:\/\/beauty-center.pl\/index.php\/juvelook\/\">Juvelook<\/a><\/li>\n\t<li id=\"menu-item-2069\" class=\"menu-item menu-item-type-post_type menu-item-object-page depth-1 to-right\"><a href=\"https:\/\/beauty-center.pl\/index.php\/ellanse\/\">ellanse<\/a><\/li>\n\t<li id=\"menu-item-2080\" class=\"menu-item menu-item-type-post_type menu-item-object-page depth-1 to-right\"><a href=\"https:\/\/beauty-center.pl\/index.php\/sunekos-2\/\">sunekos<\/a><\/li>\n\t<li id=\"menu-item-2288\" class=\"menu-item menu-item-type-post_type menu-item-object-page depth-1 to-right\"><a href=\"https:\/\/beauty-center.pl\/index.php\/prostrolane\/\">prostolane<\/a><\/li>\n<\/ul>\n<\/li>\n<li id=\"menu-item-2293\" class=\"menu-item menu-item-type-post_type menu-item-object-page depth-0 to-right\"><a href=\"https:\/\/beauty-center.pl\/index.php\/laser-frakcyjny\/\">LASER FRAKCYJNY<\/a><\/li>\n<li id=\"menu-item-2797\" class=\"menu-item menu-item-type-post_type menu-item-object-page depth-0 to-right\"><a href=\"https:\/\/beauty-center.pl\/index.php\/laserowe-usuwanie-tatuazu\/\">LASEROWE USUWANIE TATUA\u017bU<\/a><\/li>\n<li id=\"menu-item-2356\" class=\"menu-item menu-item-type-post_type menu-item-object-page menu-item-has-children depth-0 to-right\"><a href=\"https:\/\/beauty-center.pl\/index.php\/mezoterapia-iglowa-2\/\">MEZOTERAPIA IG\u0141OWA<\/a>\n<ul class=\"sub-menu\">\n\t<li id=\"menu-item-2559\" class=\"menu-item menu-item-type-post_type menu-item-object-page depth-1 to-right\"><a href=\"https:\/\/beauty-center.pl\/index.php\/2556-2\/\">mezoterapia worki i cienie pod oczami<\/a><\/li>\n\t<li id=\"menu-item-2560\" class=\"menu-item menu-item-type-post_type menu-item-object-page depth-1 to-right\"><a href=\"https:\/\/beauty-center.pl\/index.php\/2553-2\/\">mezoterapia Koktajl witaminowy<\/a><\/li>\n\t<li id=\"menu-item-2379\" class=\"menu-item menu-item-type-post_type menu-item-object-page depth-1 to-right\"><a href=\"https:\/\/beauty-center.pl\/index.php\/mezoterapia-pod-oczy\/\">mezoterapia pod oczy<\/a><\/li>\n<\/ul>\n<\/li>\n<li id=\"menu-item-2539\" class=\"menu-item menu-item-type-post_type menu-item-object-page depth-0 to-right\"><a href=\"https:\/\/beauty-center.pl\/index.php\/kwasy-tca\/\">Peelingi chemiczne PRZEBARWIENIA<\/a><\/li>\n<li id=\"menu-item-2544\" class=\"menu-item menu-item-type-post_type menu-item-object-page depth-0 to-right\"><a href=\"https:\/\/beauty-center.pl\/index.php\/peelingi-chemiczne-tradzik\/\">Peelingi chemiczne TR\u0104DZIK<\/a><\/li>\n<\/ul><\/div><\/div><div class=\"auto-format ui--animation\"><\/div><\/div> \n\n <div   class=\"ui-column span8\"><div class=\"ui--title ui--animation ui--title-bordered text-center\"><div class=\"ui--title-holder\"><h3 class=\"ui--title-text\" style=\"color: #bd1e9d !important;\">WOLUMETRIA<\/h3><div style=\"border-color: #bd1e9d !important;\" class=\"ui--title-borders ui--title-border-left\"><\/div><div style=\"border-color: #bd1e9d !important;\" class=\"ui--title-borders ui--title-border-right\"><\/div><\/div><\/div><div class=\"ui--image-wrap clearfix\"><img loading=\"lazy\" decoding=\"async\" width=\"346\" height=\"225\" src=\"https:\/\/beauty-center.pl\/wp-content\/uploads\/2019\/10\/med_wolumetria.jpg\" class=\"ui--image ui--animation\" alt=\"\" id=\"ui--image-1\" srcset=\"https:\/\/beauty-center.pl\/wp-content\/uploads\/2019\/10\/med_wolumetria.jpg 346w, https:\/\/beauty-center.pl\/wp-content\/uploads\/2019\/10\/med_wolumetria-300x195.jpg 300w\" sizes=\"auto, (max-width: 346px) 100vw, 346px\" \/><\/div><div class=\"auto-format ui--animation\"><p> W miar\u0119 procesu starzenia tkanka podsk\u00f3rna przesuwa si\u0119 wraz z wiotczej\u0105c\u0105 sk\u00f3r\u0105 w d\u00f3\u0142 tworz\u0105c ubytki obj\u0119to\u015bci w obr\u0119bie ko\u015bci policzkowych oraz gromadzenie si\u0119 nadmiaru sk\u00f3ry w obr\u0119bie linii \u017cuchwy (tzw.chomiki).<\/p>\n<p>Zabiegi wolumetryczne z u\u017cyciem specjalnego kwasu hialuronowego maj\u0105 na celu odbudow\u0119 obj\u0119to\u015bci twarzy, zw\u0142aszcza w okolicy ko\u015bci policzkowych i doliny \u0142ez,a tak\u017ce popraw\u0119 owalu twarzy poprzez &#8222;podci\u0105gni\u0119cie&#8221;opadaj\u0105cej sk\u00f3ry.<\/p>\n<p>Wszystko to daje w efekcie przywr\u00f3cenie odpowiednich proporcji twarzy,a co za tym idzie spektakularne odm\u0142odzenie i od\u015bwie\u017cenie.<br \/>\nMetoda ta ma zastosowanie zar\u00f3wno u m\u0142odszych jak i u starszych os\u00f3b, nawet ze znaczn\u0105 utrata obj\u0119to\u015bci tkanek i wiotko\u015bci\u0105 sk\u00f3ry.<br \/>\nU m\u0142odych os\u00f3b mo\u017cna &#8222;poprawi\u0107 &#8222;natur\u0119, uwypuklaj\u0105c zbyt p\u0142askie ko\u015bci policzkowe,tworz\u0105c charakterystyczne &#8222;wg\u0142\u0119bienie&#8221; pod ko\u015bci\u0105 policzkow\u0105 co daje po\u017c\u0105dany efekt wymodelowanej twarzy.<br \/>\nU os\u00f3b starszych z pomoc\u0105 wolumetrii mo\u017cna przede wszystkim odbudowa\u0107 obj\u0119to\u015b\u0107 w miejscach,kt\u00f3re niegdy\u015b by\u0142y wype\u0142nione (ko\u015bci policzkowe) oraz unie\u015b\u0107 opadaj\u0105c\u0105 sk\u00f3r\u0119.<\/p>\n<p><strong>Wskazania:<\/strong><\/p>\n<ul>\n<li>nadanie utraconej obj\u0119to\u015bci w obr\u0119bie ko\u015bci policzkowych (\u015brodkowe pi\u0119tro twarzy) co daje spektakularny efekt odm\u0142odzenia<\/li>\n<li>uniesienie &#8222;opadaj\u0105cych&#8221; fa\u0142d\u00f3w sk\u00f3ry tworz\u0105cych g\u0142\u0119bokie bruzdy nosowo-wargowe oraz tzw. &#8222;chomiki &#8221; (lifting wolumetryczny)<\/li>\n<li>uwypuklenie &#8222;p\u0142askich&#8221; policzk\u00f3w<\/li>\n<li>poprawa owalu twarzy<\/li>\n<li>niwelowanie doliny \u0142ez<\/li>\n<li>modelowanie policzk\u00f3w<\/li>\n<li>wyszczuplenie twarzy<\/li>\n<li>modelowanie brody i linii \u017cuchwy<\/li>\n<li>ubytki obj\u0119to\u015bci skroni<\/li>\n<li><\/li>\n<\/ul>\n<p><strong>Efekty:<\/strong><\/p>\n<ul>\n<li>odbudowa i wymodelowanie okolicy ko\u015bci policzkowych<\/li>\n<li>remodeling dolnej cz\u0119\u015bci twarzy<\/li>\n<li>odbudowa  i poprawa owalu twarzy<\/li>\n<\/ul>\n<p>Efekty zabiegu s\u0105 natychmiastowe.<\/p>\n<p><strong>Przed zabiegiem:<\/strong><br \/>\nKilka dni przed zabiegiem nie nale\u017cy przyjmowa\u0107 aspiryny, lek\u00f3w przeciwkrzepliwych, przeciwzapalnych.<\/p>\n<p><strong>Przebieg zabiegu:<\/strong><br \/>\nPreparat jest podawany podsk\u00f3rnie microkaniul\u0105 co daje bezpiecze\u0144stwo i nie uszkadza tkanek. W trakcie zabiegu wyst\u0119puje niezbyt dokuczliwe uczucie &#8222;rozpierania&#8221;.<br \/>\n<strong>Procedura trwa oko\u0142o 30 minut.<\/strong><\/p>\n<p><strong>Po zabiegu:<\/strong><br \/>\nBezpo\u015brednio po zabiegu pacjent mo\u017ce wr\u00f3ci\u0107 do normalnego \u017cycia. Wch\u0142aniaj\u0105cy si\u0119 implant zapewnia doskona\u0142e nawil\u017cenie okolicznych tkanek daj\u0105c tym samym efekt wypocz\u0119tej i zdrowej sk\u00f3ry.<\/p>\n<p><strong>Efekty uboczne:<\/strong><br \/>\nCzasami po zabiegu pojawiaj\u0105 si\u0119 niewielkie siniaczki, ale da si\u0119 je zamaskowa\u0107 makija\u017cem korekcyjnym.<\/p>\n<p>Starzenie si\u0119 sk\u00f3ry polega na utracie kwasu hialuronowego i zaczyna si\u0119 po 25 roku \u017cycia. Objawia si\u0119 to post\u0119puj\u0105cym wysychaniem i wiotczeniem sk\u00f3ry, kt\u00f3remu towarzysz\u0105 pojawiaj\u0105ce si\u0119 zmarszczki  i powolne opadanie tkanek.  Oko\u0142o 40. roku \u017cycia ilo\u015b\u0107  kwasu hialuronowego w sk\u00f3rze jest ju\u017c o po\u0142ow\u0119 mniejsza, ni\u017c w okresie niemowl\u0119ctwa.  Dlatego uzupe\u0142nianie jego niedoboru  powoduje wzrost nawil\u017cenia, napi\u0119cia i j\u0119drno\u015bci sk\u00f3ry, wype\u0142nienie zmarszczek i bruzd oraz nadanie utraconej obj\u0119to\u015bci. Dodatkowo wskutek stymulacji produkcji kolagenu przez kwas hialuronowy zawarty w wype\u0142niaczach, sk\u00f3ra si\u0119 regeneruje, tworz\u0105c trwa\u0142e \u201erusztowanie\u201d, a proces starzenia zostaje spowolniony. Gdy wype\u0142niacz zostanie wch\u0142oni\u0119ty przez organizm, sk\u00f3ra w leczonym miejscu b\u0119dzie wygl\u0105da\u0142a lepiej ni\u017c przed zabiegiem, bo nie tylko przez rok si\u0119 nie postarza\u0142a, ale dodatkowo zosta\u0142a zmuszona do proces\u00f3w regeneracyjnych.<\/p>\n<p><strong>Cena:<\/strong><br \/>\n&#8211; od 600 PLN \/ 1 ml<\/p>\n<\/div><\/div> \n\n<\/div> \n<\/div><\/div><\/div>","protected":false},"excerpt":{"rendered":"<p>KOSMETOLOGIA MEDYCZNABOTOKS- likwidowanie zmarszczek Blokowanie receptor\u00f3w g\u0142odu botoxem botoks- bruksizm botoks- nadpotliwo\u015bci Botoks Full Face LIP FLIP \u2013 usta botoks NICI LIFTINGUJ\u0104CE HACZYKOWE 4D NICI LIFTINGUJ\u0104CE PDO NICI LIFTINGUJ\u0104CE PLLA POWI\u0118KSZANIE UST I WYPE\u0141NIANIE ZMARSZCZEK WOLUMETRIA OSOCZE BOGATOP\u0141YTKOWE, CZYLI WAMPIRZY LIFTING STYMULATORY TKANKOWE kwas polimlekowy tropokolagen radiesse profhilo- moleku\u0142a m\u0142odo\u015bci Neauvia stimulate Neauvia Hydro Deluxe [&hellip;]<\/p>\n","protected":false},"author":1,"featured_media":0,"parent":0,"menu_order":0,"comment_status":"closed","ping_status":"closed","template":"","meta":{"footnotes":""},"class_list":["post-1730","page","type-page","status-publish","hentry"],"_links":{"self":[{"href":"https:\/\/beauty-center.pl\/index.php\/wp-json\/wp\/v2\/pages\/1730","targetHints":{"allow":["GET"]}}],"collection":[{"href":"https:\/\/beauty-center.pl\/index.php\/wp-json\/wp\/v2\/pages"}],"about":[{"href":"https:\/\/beauty-center.pl\/index.php\/wp-json\/wp\/v2\/types\/page"}],"author":[{"embeddable":true,"href":"https:\/\/beauty-center.pl\/index.php\/wp-json\/wp\/v2\/users\/1"}],"replies":[{"embeddable":true,"href":"https:\/\/beauty-center.pl\/index.php\/wp-json\/wp\/v2\/comments?post=1730"}],"version-history":[{"count":1,"href":"https:\/\/beauty-center.pl\/index.php\/wp-json\/wp\/v2\/pages\/1730\/revisions"}],"predecessor-version":[{"id":1732,"href":"https:\/\/beauty-center.pl\/index.php\/wp-json\/wp\/v2\/pages\/1730\/revisions\/1732"}],"wp:attachment":[{"href":"https:\/\/beauty-center.pl\/index.php\/wp-json\/wp\/v2\/media?parent=1730"}],"curies":[{"name":"wp","href":"https:\/\/api.w.org\/{rel}","templated":true}]}}