{"id":2561,"date":"2022-11-07T11:12:54","date_gmt":"2022-11-07T10:12:54","guid":{"rendered":"http:\/\/beauty-center.pl\/?page_id=2561"},"modified":"2022-11-07T11:12:54","modified_gmt":"2022-11-07T10:12:54","slug":"stymulatory-tkankowe","status":"publish","type":"page","link":"https:\/\/beauty-center.pl\/index.php\/stymulatory-tkankowe\/","title":{"rendered":"STYMULATORY TKANKOWE"},"content":{"rendered":"<div  class=\"ui--tagline-box-wrapper ui--animation clearfix\"><div  id=\"tagline-1\" class=\"ui--tagline-box ui-row clearfix ui--tagline-box-custom-color radius-3px\" data-responsive=\"{&quot;css&quot;:{&quot;min-height&quot;:{&quot;phone&quot;:&quot;auto&quot;,&quot;tablet&quot;:&quot;auto&quot;,&quot;widescreen&quot;:&quot;&quot;}}}\"><div  class=\"ui--tagline-background-container ui--tagline-background-overlay radius-3px\"><\/div><div  class=\"ui--tagline-background-container ui--tagline-background-image radius-3px\"><\/div><div  class=\"ui--tagline-content\"><div class=\"ui-row row\">\n <div   class=\"ui-column span4\"><div id=\"nav_menu-10\" class=\"widget widget_nav_menu\"><h4 class=\"sidebar-widget-title ui--widget-title\"><span>KOSMETOLOGIA MEDYCZNA<\/span><\/h4><div class=\"menu-kosmetologia-medyczna-container\"><ul id=\"menu-kosmetologia-medyczna\" class=\"menu\"><li id=\"menu-item-1786\" class=\"menu-item menu-item-type-post_type menu-item-object-page menu-item-has-children depth-0 to-right\"><a href=\"https:\/\/beauty-center.pl\/index.php\/botox\/\">BOTOKS- likwidowanie zmarszczek<\/a>\n<ul class=\"sub-menu\">\n\t<li id=\"menu-item-2747\" class=\"menu-item menu-item-type-post_type menu-item-object-page depth-1 to-right\"><a href=\"https:\/\/beauty-center.pl\/index.php\/blokowanie-receptorow-glodu-botoxem\/\">Blokowanie receptor\u00f3w g\u0142odu botoxem<\/a><\/li>\n\t<li id=\"menu-item-2087\" class=\"menu-item menu-item-type-post_type menu-item-object-page depth-1 to-right\"><a href=\"https:\/\/beauty-center.pl\/index.php\/botox-leczenie-bruksizmu\/\">botoks-  bruksizm<\/a><\/li>\n\t<li id=\"menu-item-2092\" class=\"menu-item menu-item-type-post_type menu-item-object-page depth-1 to-right\"><a href=\"https:\/\/beauty-center.pl\/index.php\/botoks-leczenie-nadpotliwosci\/\">botoks- nadpotliwo\u015bci<\/a><\/li>\n\t<li id=\"menu-item-2946\" class=\"menu-item menu-item-type-post_type menu-item-object-page depth-1 to-right\"><a href=\"https:\/\/beauty-center.pl\/index.php\/botoks-full-face-2\/\">Botoks Full Face<\/a><\/li>\n<\/ul>\n<\/li>\n<li id=\"menu-item-2642\" class=\"menu-item menu-item-type-post_type menu-item-object-page depth-0 to-right\"><a href=\"https:\/\/beauty-center.pl\/index.php\/lip-flip-usta-botoks\/\">LIP FLIP \u2013 usta botoks<\/a><\/li>\n<li id=\"menu-item-2233\" class=\"menu-item menu-item-type-post_type menu-item-object-page depth-0 to-right\"><a href=\"https:\/\/beauty-center.pl\/index.php\/nici-liftingujace-haczykowe-4d\/\">NICI LIFTINGUJ\u0104CE HACZYKOWE 4D<\/a><\/li>\n<li id=\"menu-item-1728\" class=\"menu-item menu-item-type-post_type menu-item-object-page depth-0 to-right\"><a href=\"https:\/\/beauty-center.pl\/index.php\/nici-liftingujace-pdo\/\">NICI LIFTINGUJ\u0104CE PDO<\/a><\/li>\n<li id=\"menu-item-2637\" class=\"menu-item menu-item-type-post_type menu-item-object-page depth-0 to-right\"><a href=\"https:\/\/beauty-center.pl\/index.php\/nici-liftingujace-plla\/\">NICI LIFTINGUJ\u0104CE PLLA<\/a><\/li>\n<li id=\"menu-item-1729\" class=\"menu-item menu-item-type-post_type menu-item-object-page depth-0 to-right\"><a href=\"https:\/\/beauty-center.pl\/index.php\/powiekszanie-ust-i-wypelnianie-zmarszczeck\/\">POWI\u0118KSZANIE UST I WYPE\u0141NIANIE ZMARSZCZEK<\/a><\/li>\n<li id=\"menu-item-1733\" class=\"menu-item menu-item-type-post_type menu-item-object-page depth-0 to-right\"><a href=\"https:\/\/beauty-center.pl\/index.php\/wolumetria\/\">WOLUMETRIA<\/a><\/li>\n<li id=\"menu-item-1923\" class=\"menu-item menu-item-type-post_type menu-item-object-page depth-0 to-right\"><a href=\"https:\/\/beauty-center.pl\/index.php\/osocze-bogatoplytkowe-czyli-wampirzy-lifting\/\">OSOCZE BOGATOP\u0141YTKOWE, CZYLI WAMPIRZY LIFTING<\/a><\/li>\n<li id=\"menu-item-2564\" class=\"menu-item menu-item-type-post_type menu-item-object-page menu-item-has-children depth-0 to-right\"><a href=\"https:\/\/beauty-center.pl\/index.php\/stymulatory-tkankowe\/\">STYMULATORY TKANKOWE<\/a>\n<ul class=\"sub-menu\">\n\t<li id=\"menu-item-2774\" class=\"menu-item menu-item-type-post_type menu-item-object-page depth-1 to-right\"><a href=\"https:\/\/beauty-center.pl\/index.php\/kwas-polimlekowy\/\">kwas polimlekowy<\/a><\/li>\n\t<li id=\"menu-item-2782\" class=\"menu-item menu-item-type-post_type menu-item-object-page depth-1 to-right\"><a href=\"https:\/\/beauty-center.pl\/index.php\/tropokolagen\/\">tropokolagen<\/a><\/li>\n\t<li id=\"menu-item-2650\" class=\"menu-item menu-item-type-post_type menu-item-object-page depth-1 to-right\"><a href=\"https:\/\/beauty-center.pl\/index.php\/radisse\/\">radiesse<\/a><\/li>\n\t<li id=\"menu-item-2064\" class=\"menu-item menu-item-type-post_type menu-item-object-page depth-1 to-right\"><a href=\"https:\/\/beauty-center.pl\/index.php\/profhilo-molekula-mlodosci\/\">profhilo- moleku\u0142a m\u0142odo\u015bci<\/a><\/li>\n\t<li id=\"menu-item-2719\" class=\"menu-item menu-item-type-post_type menu-item-object-page depth-1 to-right\"><a href=\"https:\/\/beauty-center.pl\/index.php\/neauvia-stimulate\/\">Neauvia stimulate<\/a><\/li>\n\t<li id=\"menu-item-2662\" class=\"menu-item menu-item-type-post_type menu-item-object-page depth-1 to-right\"><a href=\"https:\/\/beauty-center.pl\/index.php\/neauvia-hydro-deluxe\/\">Neauvia Hydro Deluxe<\/a><\/li>\n\t<li id=\"menu-item-2676\" class=\"menu-item menu-item-type-post_type menu-item-object-page depth-1 to-right\"><a href=\"https:\/\/beauty-center.pl\/index.php\/neauvia\/\">neauvia Instense Flux<\/a><\/li>\n\t<li id=\"menu-item-2657\" class=\"menu-item menu-item-type-post_type menu-item-object-page depth-1 to-right\"><a href=\"https:\/\/beauty-center.pl\/index.php\/nithya\/\">nithya<\/a><\/li>\n\t<li id=\"menu-item-2274\" class=\"menu-item menu-item-type-post_type menu-item-object-page depth-1 to-right\"><a href=\"https:\/\/beauty-center.pl\/index.php\/nucleofill\/\">nucleofill<\/a><\/li>\n\t<li id=\"menu-item-2683\" class=\"menu-item menu-item-type-post_type menu-item-object-page depth-1 to-right\"><a href=\"https:\/\/beauty-center.pl\/index.php\/juvelook\/\">Juvelook<\/a><\/li>\n\t<li id=\"menu-item-2069\" class=\"menu-item menu-item-type-post_type menu-item-object-page depth-1 to-right\"><a href=\"https:\/\/beauty-center.pl\/index.php\/ellanse\/\">ellanse<\/a><\/li>\n\t<li id=\"menu-item-2080\" class=\"menu-item menu-item-type-post_type menu-item-object-page depth-1 to-right\"><a href=\"https:\/\/beauty-center.pl\/index.php\/sunekos-2\/\">sunekos<\/a><\/li>\n\t<li id=\"menu-item-2288\" class=\"menu-item menu-item-type-post_type menu-item-object-page depth-1 to-right\"><a href=\"https:\/\/beauty-center.pl\/index.php\/prostrolane\/\">prostolane<\/a><\/li>\n<\/ul>\n<\/li>\n<li id=\"menu-item-2293\" class=\"menu-item menu-item-type-post_type menu-item-object-page depth-0 to-right\"><a href=\"https:\/\/beauty-center.pl\/index.php\/laser-frakcyjny\/\">LASER FRAKCYJNY<\/a><\/li>\n<li id=\"menu-item-2797\" class=\"menu-item menu-item-type-post_type menu-item-object-page depth-0 to-right\"><a href=\"https:\/\/beauty-center.pl\/index.php\/laserowe-usuwanie-tatuazu\/\">LASEROWE USUWANIE TATUA\u017bU<\/a><\/li>\n<li id=\"menu-item-2356\" class=\"menu-item menu-item-type-post_type menu-item-object-page menu-item-has-children depth-0 to-right\"><a href=\"https:\/\/beauty-center.pl\/index.php\/mezoterapia-iglowa-2\/\">MEZOTERAPIA IG\u0141OWA<\/a>\n<ul class=\"sub-menu\">\n\t<li id=\"menu-item-2559\" class=\"menu-item menu-item-type-post_type menu-item-object-page depth-1 to-right\"><a href=\"https:\/\/beauty-center.pl\/index.php\/2556-2\/\">mezoterapia worki i cienie pod oczami<\/a><\/li>\n\t<li id=\"menu-item-2560\" class=\"menu-item menu-item-type-post_type menu-item-object-page depth-1 to-right\"><a href=\"https:\/\/beauty-center.pl\/index.php\/2553-2\/\">mezoterapia Koktajl witaminowy<\/a><\/li>\n\t<li id=\"menu-item-2379\" class=\"menu-item menu-item-type-post_type menu-item-object-page depth-1 to-right\"><a href=\"https:\/\/beauty-center.pl\/index.php\/mezoterapia-pod-oczy\/\">mezoterapia pod oczy<\/a><\/li>\n<\/ul>\n<\/li>\n<li id=\"menu-item-2539\" class=\"menu-item menu-item-type-post_type menu-item-object-page depth-0 to-right\"><a href=\"https:\/\/beauty-center.pl\/index.php\/kwasy-tca\/\">Peelingi chemiczne PRZEBARWIENIA<\/a><\/li>\n<li id=\"menu-item-2544\" class=\"menu-item menu-item-type-post_type menu-item-object-page depth-0 to-right\"><a href=\"https:\/\/beauty-center.pl\/index.php\/peelingi-chemiczne-tradzik\/\">Peelingi chemiczne TR\u0104DZIK<\/a><\/li>\n<\/ul><\/div><\/div><div class=\"auto-format ui--animation\"><\/div><\/div> \n\n <div   class=\"ui-column span8\"><div class=\"ui--title ui--animation ui--title-bordered text-center\"><div class=\"ui--title-holder\"><h3 class=\"ui--title-text\" style=\"color: #bd1e9d !important;\">STYMULATORY TKANKOWE<\/h3><div style=\"border-color: #bd1e9d !important;\" class=\"ui--title-borders ui--title-border-left\"><\/div><div style=\"border-color: #bd1e9d !important;\" class=\"ui--title-borders ui--title-border-right\"><\/div><\/div><\/div><div class=\"auto-format ui--animation\"><p>Wype\u0142niacze i stymulatory tkankowe<br \/>\nMedycyna estetyczna to dziedzina, kt\u00f3ra rozwija si\u0119 bardzo pr\u0119\u017cnie. Co roku na rynku preparat\u00f3w do zabieg\u00f3w estetycznych pojawiaj\u0105 si\u0119 nowo\u015bci, kt\u00f3re maj\u0105 za zadanie poprawi\u0107 wygl\u0105d naszej twarzy. Do najbardziej popularnych zabieg\u00f3w nale\u017c\u0105 te z zastosowaniem usieciowanego kwasu hialuronowego. Preparaty kwasu hialuronowego maj\u0105 za zadanie wype\u0142ni\u0107 utracon\u0105, wraz z wiekiem, obj\u0119to\u015bci tkanki. Z regu\u0142y kwas hialuronowy  podaje si\u0119 w bruzdy nosowo-wargowe, usta lub policzki. Efekty po jego zastosowaniu s\u0105 natychmiastowe jednak czas utrzymywania si\u0119 kwasu hialuronowego w tkance jest ograniczony. W zale\u017cno\u015bci od zastosowanego preparatu oraz od indywidulanych predyspozycji pacjenta do metabolizowania kwasu hialuronowego, utrzymuje si\u0119 on \u015brednio od 4 do 10 miesi\u0119cy.<\/p>\n<p>Tkankowe stymulatory to obecnie hit w\u015br\u00f3d zabieg\u00f3w estetycznych. Do najpopularniejszych preparat\u00f3w z kategorii stymulator\u00f3w tkankowych nale\u017c\u0105 Plenhyage, Sunekos, Nucleofill czy Profhilo. S\u0105 to obecnie jedne z najcz\u0119\u015bciej stosowanych stymulator\u00f3w tkankowych. Daj\u0105 one naturalne efekty poprawy j\u0119drno\u015bci sk\u00f3ry. Wyb\u00f3r stymulator\u00f3w tkankowych jest bardzo du\u017cy jednak zawsze trzeba pami\u0119ta\u0107, \u017ceby dokonywa\u0107 wyboru preparatu wed\u0142ug potrzeb sk\u00f3ry klienta. Stymulatory tkankowe wp\u0142ywaj\u0105 na popraw\u0119 jako\u015bci kolagenu i elastyny. Dzi\u0119ki stymulacji kom\u00f3rek sk\u00f3ry wp\u0142ywaj\u0105 na wzrost syntezy w\u0142\u00f3kien kolagenu i elastyny. Poprzez stymulacje w\u0142\u00f3kien kolagenu i elastyny stymulatory prowadz\u0105 do odbudowy struktury sk\u00f3ry. W zwi\u0105zku z tym stosuje si\u0119 je zar\u00f3wno w celu poprawy j\u0119drno\u015bci g\u0119sto\u015bci oraz jako\u015bci sk\u00f3ry jak i w przypadku blizn czy rozst\u0119p\u00f3w.<\/p>\n<p>Stymulatory tkankowe to substancje, kt\u00f3re daj\u0105 nam naturalny efekt odm\u0142adzania sk\u00f3ry bez zmiany rys\u00f3w twarzy. Odm\u0142adzanie sk\u00f3ry za pomoc\u0105 stymulator\u00f3w opiera si\u0119 na stymulowaniu a nie na wype\u0142nianiu tkanek jak w przypadku kwasu hialuronowego. Po wykonaniu serii zabieg\u00f3w z u\u017cyciem stymulator\u00f3w sk\u00f3ra staje si\u0119 j\u0119drniejsza i bardziej spr\u0119\u017cysta, a zmarszczki ulegaj\u0105 wyp\u0142aceniu. Zatem, je\u017celi zale\u017cy nam aby efekt zabiegu utrzymywa\u0142 si\u0119 d\u0142u\u017cej i by\u0142 bardziej naturalny w\u00f3wczas mo\u017cemy skorzysta\u0107 ze stymulator\u00f3w tkankowych.<\/p>\n<p>Substancje aktywne zawarte w stymulatorach tkankowych to g\u0142\u00f3wnie:<\/p>\n<p>polinukleotydy,<br \/>\npolikaprolakton,<br \/>\nhydroksyapatyt wapnia,<br \/>\nkwas l-polimlekowy czy kwas hialuronowy o du\u017cym st\u0119\u017ceniu.<br \/>\nZabiegi w obr\u0119bie twarzy z zastosowaniem tych substancji aktywnych przeciwdzia\u0142aj\u0105 procesowi starzenia si\u0119 sk\u00f3ry.<\/p>\n<p>Polinukleotydy s\u0105 to ma\u0142e fragmenty kwas\u00f3w nukleinowych DNA i RNA, wyst\u0119puj\u0105ce we wszystkich organizmach. Polinukleotydy s\u0105 w ca\u0142o\u015bci biokompatybilne z ludzkim organizmem. Odpowiedzialne s\u0105 efekty poprawy j\u0119drno\u015bci, g\u0119sto\u015bci sk\u00f3ry. Ponadto posiadaj\u0105 wybitn\u0105 zdolno\u015b\u0107 do wi\u0105zania du\u017cych ilo\u015bci wody, zatem wp\u0142ywaj\u0105 na odpowiednie nawil\u017cenie struktury sk\u00f3ry. Preparaty na bazie polinukleotyd\u00f3w wykazuj\u0105 tak\u017ce silne dzia\u0142anie regeneruj\u0105ce sk\u00f3r\u0119 po chorobach, a nawet ci\u0119\u017ckich urazach. Po zabiegu z u\u017cyciem polinukleotyd\u00f3w, sk\u00f3ra mo\u017ce by\u0107 przez kilka dni lekko opuchni\u0119ta. Polinukleotydy s\u0105 obecnie jednym z najpopularniejszych zabieg\u00f3w medycyny estetycznej.<\/p>\n<p>Podanie kwasu l-polimlekowego w struktury tkankowe pobudza proces stymulacji fibroblast\u00f3w do syntezy w\u0142\u00f3kien kolagenowych. Jest stosowany do redukcji zmarszczek i bruzd, a tak\u017ce do poprawy jako\u015bci sk\u00f3ry oraz korekty owalu twarzy. Kwas L-polimlekowy jest naturalnym zwi\u0105zkiem chemicznym, kt\u00f3ry z regu\u0142y nie powoduje reakcji alergizuj\u0105cych. Preparat na bazie kwasu l-polimlekowego to powszechnie znana Sculptra, kt\u00f3ra od dawna jest znana i stosowana w zabiegach medycyny estetycznej. Efekt odm\u0142odzenia sk\u00f3ry po zastosowaniu kwasu l-polimlekowego nie jest natychmiastowy, jednak uzyskane rezultaty s\u0105 bardzo naturalne i d\u0142ugotrwa\u0142e i potrafi\u0105 utrzymywa\u0107 si\u0119 do 2 lat.<\/p>\n<p>Hydroksyapatyt wapnia idealnie sprawdza si\u0119 przy wype\u0142nianiu zmarszczek, poprawie konturu czy przywr\u00f3ceniu obj\u0119to\u015bci sk\u00f3ry poprzez stymulacj\u0119 w\u0142\u00f3kien kolagenu i elastyny. Preparat ma posta\u0107 \u017celu z mikrokuleczkami hydroksyapatytu. Wprowadzony do sk\u00f3ry zaczyna stymulowa\u0107 produkcj\u0119 w\u0142\u00f3kien kolagenowych, co przek\u0142ada si\u0119 na popraw\u0119 wygl\u0105du naszej sk\u00f3ry.<\/p>\n<p>W naszej ofercie posiadamy preparaty b\u0119d\u0105ce stymulatorami tkankowymi. S\u0105 to produkty posiadaj\u0105ce w swoim sk\u0142adzie hydroksyapatyt wapnia lub polikaprolakton. Zach\u0119camy do zapoznania si\u0119 z nasz\u0105 szerok\u0105 oferta stymulator\u00f3w tkankowych w atrakcyjnych cenach.<\/p>\n<\/div><\/div> \n\n<\/div> \n<\/div><\/div><\/div>","protected":false},"excerpt":{"rendered":"<p>KOSMETOLOGIA MEDYCZNABOTOKS- likwidowanie zmarszczek Blokowanie receptor\u00f3w g\u0142odu botoxem botoks- bruksizm botoks- nadpotliwo\u015bci Botoks Full Face LIP FLIP \u2013 usta botoks NICI LIFTINGUJ\u0104CE HACZYKOWE 4D NICI LIFTINGUJ\u0104CE PDO NICI LIFTINGUJ\u0104CE PLLA POWI\u0118KSZANIE UST I WYPE\u0141NIANIE ZMARSZCZEK WOLUMETRIA OSOCZE BOGATOP\u0141YTKOWE, CZYLI WAMPIRZY LIFTING STYMULATORY TKANKOWE kwas polimlekowy tropokolagen radiesse profhilo- moleku\u0142a m\u0142odo\u015bci Neauvia stimulate Neauvia Hydro Deluxe [&hellip;]<\/p>\n","protected":false},"author":2,"featured_media":0,"parent":0,"menu_order":0,"comment_status":"closed","ping_status":"closed","template":"","meta":{"footnotes":""},"class_list":["post-2561","page","type-page","status-publish","hentry"],"_links":{"self":[{"href":"https:\/\/beauty-center.pl\/index.php\/wp-json\/wp\/v2\/pages\/2561","targetHints":{"allow":["GET"]}}],"collection":[{"href":"https:\/\/beauty-center.pl\/index.php\/wp-json\/wp\/v2\/pages"}],"about":[{"href":"https:\/\/beauty-center.pl\/index.php\/wp-json\/wp\/v2\/types\/page"}],"author":[{"embeddable":true,"href":"https:\/\/beauty-center.pl\/index.php\/wp-json\/wp\/v2\/users\/2"}],"replies":[{"embeddable":true,"href":"https:\/\/beauty-center.pl\/index.php\/wp-json\/wp\/v2\/comments?post=2561"}],"version-history":[{"count":1,"href":"https:\/\/beauty-center.pl\/index.php\/wp-json\/wp\/v2\/pages\/2561\/revisions"}],"predecessor-version":[{"id":2563,"href":"https:\/\/beauty-center.pl\/index.php\/wp-json\/wp\/v2\/pages\/2561\/revisions\/2563"}],"wp:attachment":[{"href":"https:\/\/beauty-center.pl\/index.php\/wp-json\/wp\/v2\/media?parent=2561"}],"curies":[{"name":"wp","href":"https:\/\/api.w.org\/{rel}","templated":true}]}}