{"id":2778,"date":"2024-11-25T14:30:11","date_gmt":"2024-11-25T13:30:11","guid":{"rendered":"https:\/\/beauty-center.pl\/?page_id=2778"},"modified":"2024-11-25T14:30:11","modified_gmt":"2024-11-25T13:30:11","slug":"tropokolagen","status":"publish","type":"page","link":"https:\/\/beauty-center.pl\/index.php\/tropokolagen\/","title":{"rendered":"tropokolagen"},"content":{"rendered":"<div  class=\"ui--tagline-box-wrapper ui--animation clearfix\"><div  id=\"tagline-1\" class=\"ui--tagline-box ui-row clearfix ui--tagline-box-custom-color radius-3px\" data-responsive=\"{&quot;css&quot;:{&quot;min-height&quot;:{&quot;phone&quot;:&quot;auto&quot;,&quot;tablet&quot;:&quot;auto&quot;,&quot;widescreen&quot;:&quot;&quot;}}}\"><div  class=\"ui--tagline-background-container ui--tagline-background-overlay radius-3px\"><\/div><div  class=\"ui--tagline-background-container ui--tagline-background-image radius-3px\"><\/div><div  class=\"ui--tagline-content\"><div class=\"ui-row row\">\n <div   class=\"ui-column span4\"><div id=\"nav_menu-10\" class=\"widget widget_nav_menu\"><h4 class=\"sidebar-widget-title ui--widget-title\"><span>KOSMETOLOGIA MEDYCZNA<\/span><\/h4><div class=\"menu-kosmetologia-medyczna-container\"><ul id=\"menu-kosmetologia-medyczna\" class=\"menu\"><li id=\"menu-item-1786\" class=\"menu-item menu-item-type-post_type menu-item-object-page menu-item-has-children depth-0 to-right\"><a href=\"https:\/\/beauty-center.pl\/index.php\/botox\/\">BOTOKS- likwidowanie zmarszczek<\/a>\n<ul class=\"sub-menu\">\n\t<li id=\"menu-item-2747\" class=\"menu-item menu-item-type-post_type menu-item-object-page depth-1 to-right\"><a href=\"https:\/\/beauty-center.pl\/index.php\/blokowanie-receptorow-glodu-botoxem\/\">Blokowanie receptor\u00f3w g\u0142odu botoxem<\/a><\/li>\n\t<li id=\"menu-item-2087\" class=\"menu-item menu-item-type-post_type menu-item-object-page depth-1 to-right\"><a href=\"https:\/\/beauty-center.pl\/index.php\/botox-leczenie-bruksizmu\/\">botoks-  bruksizm<\/a><\/li>\n\t<li id=\"menu-item-2092\" class=\"menu-item menu-item-type-post_type menu-item-object-page depth-1 to-right\"><a href=\"https:\/\/beauty-center.pl\/index.php\/botoks-leczenie-nadpotliwosci\/\">botoks- nadpotliwo\u015bci<\/a><\/li>\n\t<li id=\"menu-item-2946\" class=\"menu-item menu-item-type-post_type menu-item-object-page depth-1 to-right\"><a href=\"https:\/\/beauty-center.pl\/index.php\/botoks-full-face-2\/\">Botoks Full Face<\/a><\/li>\n<\/ul>\n<\/li>\n<li id=\"menu-item-2642\" class=\"menu-item menu-item-type-post_type menu-item-object-page depth-0 to-right\"><a href=\"https:\/\/beauty-center.pl\/index.php\/lip-flip-usta-botoks\/\">LIP FLIP \u2013 usta botoks<\/a><\/li>\n<li id=\"menu-item-2233\" class=\"menu-item menu-item-type-post_type menu-item-object-page depth-0 to-right\"><a href=\"https:\/\/beauty-center.pl\/index.php\/nici-liftingujace-haczykowe-4d\/\">NICI LIFTINGUJ\u0104CE HACZYKOWE 4D<\/a><\/li>\n<li id=\"menu-item-1728\" class=\"menu-item menu-item-type-post_type menu-item-object-page depth-0 to-right\"><a href=\"https:\/\/beauty-center.pl\/index.php\/nici-liftingujace-pdo\/\">NICI LIFTINGUJ\u0104CE PDO<\/a><\/li>\n<li id=\"menu-item-2637\" class=\"menu-item menu-item-type-post_type menu-item-object-page depth-0 to-right\"><a href=\"https:\/\/beauty-center.pl\/index.php\/nici-liftingujace-plla\/\">NICI LIFTINGUJ\u0104CE PLLA<\/a><\/li>\n<li id=\"menu-item-1729\" class=\"menu-item menu-item-type-post_type menu-item-object-page depth-0 to-right\"><a href=\"https:\/\/beauty-center.pl\/index.php\/powiekszanie-ust-i-wypelnianie-zmarszczeck\/\">POWI\u0118KSZANIE UST I WYPE\u0141NIANIE ZMARSZCZEK<\/a><\/li>\n<li id=\"menu-item-1733\" class=\"menu-item menu-item-type-post_type menu-item-object-page depth-0 to-right\"><a href=\"https:\/\/beauty-center.pl\/index.php\/wolumetria\/\">WOLUMETRIA<\/a><\/li>\n<li id=\"menu-item-1923\" class=\"menu-item menu-item-type-post_type menu-item-object-page depth-0 to-right\"><a href=\"https:\/\/beauty-center.pl\/index.php\/osocze-bogatoplytkowe-czyli-wampirzy-lifting\/\">OSOCZE BOGATOP\u0141YTKOWE, CZYLI WAMPIRZY LIFTING<\/a><\/li>\n<li id=\"menu-item-2564\" class=\"menu-item menu-item-type-post_type menu-item-object-page menu-item-has-children depth-0 to-right\"><a href=\"https:\/\/beauty-center.pl\/index.php\/stymulatory-tkankowe\/\">STYMULATORY TKANKOWE<\/a>\n<ul class=\"sub-menu\">\n\t<li id=\"menu-item-2774\" class=\"menu-item menu-item-type-post_type menu-item-object-page depth-1 to-right\"><a href=\"https:\/\/beauty-center.pl\/index.php\/kwas-polimlekowy\/\">kwas polimlekowy<\/a><\/li>\n\t<li id=\"menu-item-2782\" class=\"menu-item menu-item-type-post_type menu-item-object-page depth-1 to-right\"><a href=\"https:\/\/beauty-center.pl\/index.php\/tropokolagen\/\">tropokolagen<\/a><\/li>\n\t<li id=\"menu-item-2650\" class=\"menu-item menu-item-type-post_type menu-item-object-page depth-1 to-right\"><a href=\"https:\/\/beauty-center.pl\/index.php\/radisse\/\">radiesse<\/a><\/li>\n\t<li id=\"menu-item-2064\" class=\"menu-item menu-item-type-post_type menu-item-object-page depth-1 to-right\"><a href=\"https:\/\/beauty-center.pl\/index.php\/profhilo-molekula-mlodosci\/\">profhilo- moleku\u0142a m\u0142odo\u015bci<\/a><\/li>\n\t<li id=\"menu-item-2719\" class=\"menu-item menu-item-type-post_type menu-item-object-page depth-1 to-right\"><a href=\"https:\/\/beauty-center.pl\/index.php\/neauvia-stimulate\/\">Neauvia stimulate<\/a><\/li>\n\t<li id=\"menu-item-2662\" class=\"menu-item menu-item-type-post_type menu-item-object-page depth-1 to-right\"><a href=\"https:\/\/beauty-center.pl\/index.php\/neauvia-hydro-deluxe\/\">Neauvia Hydro Deluxe<\/a><\/li>\n\t<li id=\"menu-item-2676\" class=\"menu-item menu-item-type-post_type menu-item-object-page depth-1 to-right\"><a href=\"https:\/\/beauty-center.pl\/index.php\/neauvia\/\">neauvia Instense Flux<\/a><\/li>\n\t<li id=\"menu-item-2657\" class=\"menu-item menu-item-type-post_type menu-item-object-page depth-1 to-right\"><a href=\"https:\/\/beauty-center.pl\/index.php\/nithya\/\">nithya<\/a><\/li>\n\t<li id=\"menu-item-2274\" class=\"menu-item menu-item-type-post_type menu-item-object-page depth-1 to-right\"><a href=\"https:\/\/beauty-center.pl\/index.php\/nucleofill\/\">nucleofill<\/a><\/li>\n\t<li id=\"menu-item-2683\" class=\"menu-item menu-item-type-post_type menu-item-object-page depth-1 to-right\"><a href=\"https:\/\/beauty-center.pl\/index.php\/juvelook\/\">Juvelook<\/a><\/li>\n\t<li id=\"menu-item-2069\" class=\"menu-item menu-item-type-post_type menu-item-object-page depth-1 to-right\"><a href=\"https:\/\/beauty-center.pl\/index.php\/ellanse\/\">ellanse<\/a><\/li>\n\t<li id=\"menu-item-2080\" class=\"menu-item menu-item-type-post_type menu-item-object-page depth-1 to-right\"><a href=\"https:\/\/beauty-center.pl\/index.php\/sunekos-2\/\">sunekos<\/a><\/li>\n\t<li id=\"menu-item-2288\" class=\"menu-item menu-item-type-post_type menu-item-object-page depth-1 to-right\"><a href=\"https:\/\/beauty-center.pl\/index.php\/prostrolane\/\">prostolane<\/a><\/li>\n<\/ul>\n<\/li>\n<li id=\"menu-item-2293\" class=\"menu-item menu-item-type-post_type menu-item-object-page depth-0 to-right\"><a href=\"https:\/\/beauty-center.pl\/index.php\/laser-frakcyjny\/\">LASER FRAKCYJNY<\/a><\/li>\n<li id=\"menu-item-2797\" class=\"menu-item menu-item-type-post_type menu-item-object-page depth-0 to-right\"><a href=\"https:\/\/beauty-center.pl\/index.php\/laserowe-usuwanie-tatuazu\/\">LASEROWE USUWANIE TATUA\u017bU<\/a><\/li>\n<li id=\"menu-item-2356\" class=\"menu-item menu-item-type-post_type menu-item-object-page menu-item-has-children depth-0 to-right\"><a href=\"https:\/\/beauty-center.pl\/index.php\/mezoterapia-iglowa-2\/\">MEZOTERAPIA IG\u0141OWA<\/a>\n<ul class=\"sub-menu\">\n\t<li id=\"menu-item-2559\" class=\"menu-item menu-item-type-post_type menu-item-object-page depth-1 to-right\"><a href=\"https:\/\/beauty-center.pl\/index.php\/2556-2\/\">mezoterapia worki i cienie pod oczami<\/a><\/li>\n\t<li id=\"menu-item-2560\" class=\"menu-item menu-item-type-post_type menu-item-object-page depth-1 to-right\"><a href=\"https:\/\/beauty-center.pl\/index.php\/2553-2\/\">mezoterapia Koktajl witaminowy<\/a><\/li>\n\t<li id=\"menu-item-2379\" class=\"menu-item menu-item-type-post_type menu-item-object-page depth-1 to-right\"><a href=\"https:\/\/beauty-center.pl\/index.php\/mezoterapia-pod-oczy\/\">mezoterapia pod oczy<\/a><\/li>\n<\/ul>\n<\/li>\n<li id=\"menu-item-2539\" class=\"menu-item menu-item-type-post_type menu-item-object-page depth-0 to-right\"><a href=\"https:\/\/beauty-center.pl\/index.php\/kwasy-tca\/\">Peelingi chemiczne PRZEBARWIENIA<\/a><\/li>\n<li id=\"menu-item-2544\" class=\"menu-item menu-item-type-post_type menu-item-object-page depth-0 to-right\"><a href=\"https:\/\/beauty-center.pl\/index.php\/peelingi-chemiczne-tradzik\/\">Peelingi chemiczne TR\u0104DZIK<\/a><\/li>\n<\/ul><\/div><\/div><div class=\"auto-format ui--animation\"><\/div><\/div> \n\n <div   class=\"ui-column span8\"><div class=\"ui--title ui--animation ui--title-bordered text-center\"><div class=\"ui--title-holder\"><h3 class=\"ui--title-text\" style=\"color: #bd1e9d !important;\">tropokolagen<\/h3><div style=\"border-color: #bd1e9d !important;\" class=\"ui--title-borders ui--title-border-left\"><\/div><div style=\"border-color: #bd1e9d !important;\" class=\"ui--title-borders ui--title-border-right\"><\/div><\/div><\/div><div class=\"ui--image-wrap clearfix text-center ui--block\" style=\"margin-bottom: 20px;\"><img loading=\"lazy\" decoding=\"async\" width=\"768\" height=\"644\" src=\"https:\/\/beauty-center.pl\/wp-content\/uploads\/2023\/03\/NEAUVIA.png\" class=\"ui--image ui--animation\" alt=\"\" title=\"NEAUVIA\" id=\"ui--image-1\" srcset=\"https:\/\/beauty-center.pl\/wp-content\/uploads\/2023\/03\/NEAUVIA.png 768w, https:\/\/beauty-center.pl\/wp-content\/uploads\/2023\/03\/NEAUVIA-300x252.png 300w\" sizes=\"auto, (max-width: 768px) 100vw, 768px\" \/><\/div><div class=\"auto-format ui--animation\"><p> Tropokolagen \u2013 Odm\u0142adzanie sk\u00f3ry w Krakowie<br \/>\nZabieg z wykorzystaniem tropokolagenu to innowacyjna metoda stymulacji produkcji kolagenu, kt\u00f3ra przywraca sk\u00f3rze m\u0142ody wygl\u0105d i elastyczno\u015b\u0107. Tropokolagen dzia\u0142a w g\u0142\u0119bokich warstwach sk\u00f3ry, pobudzaj\u0105c naturalne procesy regeneracyjne i odbudow\u0119 w\u0142\u00f3kien kolagenowych, co prowadzi do widocznego wyg\u0142adzenia zmarszczek oraz poprawy napi\u0119cia sk\u00f3ry.<br \/>\nCo to jest tropokolagen?<br \/>\nTropokolagen typu I to biopolimer na bazie bia\u0142ka, kt\u00f3ry zosta\u0142 opracowany jako wyr\u00f3b medyczny do stosowania w in\u017cynierii tkankowej i medycynie regeneracyjnej. Sk\u0142ada si\u0119 z po\u0142\u0105czenia kolagenu, elastyny, glikozaminoglikan\u00f3w i innych bia\u0142ek.<br \/>\nTropokolagen Guna to naturalny produkt wytwarzany z kolagenu i innych bia\u0142ek. Jest stosowany w leczeniu r\u00f3\u017cnych schorze\u0144, w tym chor\u00f3b sk\u00f3ry, b\u00f3lu staw\u00f3w i innych dolegliwo\u015bci. Mo\u017ce by\u0107 r\u00f3wnie\u017c stosowany do poprawy wygl\u0105du sk\u00f3ry poprzez redukcj\u0119 zmarszczek i zwi\u0119kszenie elastyczno\u015bci. Tropokolagen Guna jest stosowany w kosmetyce od wielu lat, a obecnie zyskuje coraz wi\u0119ksz\u0105 popularno\u015b\u0107 r\u00f3wnie\u017c w zabiegach medycznych. Jego zdolno\u015b\u0107 do zmniejszania stanu zapalnego czyni go szczeg\u00f3lnie przydatnym w leczeniu przewlek\u0142ego b\u00f3lu i innych stan\u00f3w zwi\u0105zanych ze stanem zapalnym. Preparat w swojej budowie jest najbardziej zbli\u017cony do tego produkowanego przez fibroblasty naturalnie wytwarzane w ludzkim organizmie. <\/p>\n<p>Jak dzia\u0142a tropokolagen<br \/>\nTropokolagen to naturalna substancja, kt\u00f3ra stymuluje kom\u00f3rki sk\u00f3ry do produkcji nowego kolagenu. Dzi\u0119ki temu sk\u00f3ra odzyskuje j\u0119drno\u015b\u0107 i g\u0142adko\u015b\u0107, co szczeg\u00f3lnie pomaga w redukcji zmarszczek, bruzd i zwiotczenia. Zabieg jest bezpieczny, ma\u0142oinwazyjny i idealny dla os\u00f3b, kt\u00f3re szukaj\u0105 niechirurgicznych metod odm\u0142adzania sk\u00f3ry.<br \/>\nSi\u0142a tropokolagenu w produktach do piel\u0119gnacji sk\u00f3ry i zabiegach medycyny estetycznej<br \/>\nTropokolagen typu I to niewielkie fragmenty kolagenu, kt\u00f3re s\u0105 cz\u0119sto stosowane w kosmetykach i zabiegach kosmetycznych jako sk\u0142adnik maj\u0105cy poprawi\u0107 kondycj\u0119 sk\u00f3ry. Jednym z g\u0142\u00f3wnych efekt\u00f3w jego dzia\u0142ania tropokolagenu jest pobudzenie sk\u00f3ry do produkcji w\u0142asnego kolagenu, co mo\u017ce wp\u0142yn\u0105\u0107 na popraw\u0119 elastyczno\u015bci i j\u0119drno\u015bci sk\u00f3ry. Jednak warto zwr\u00f3ci\u0107 uwag\u0119, \u017ce si\u0142a dzia\u0142ania w produktach do piel\u0119gnacji sk\u00f3ry i zabiegach kosmetycznych zale\u017cy od jego st\u0119\u017cenia oraz formy, w jakiej jest stosowany. W kosmetykach zazwyczaj stosuje si\u0119 niskocz\u0105steczkowy tropokolagen, kt\u00f3ry \u0142atwiej przenika przez warstw\u0119 rogowa sk\u00f3ry i mo\u017ce dzia\u0142a\u0107 skuteczniej. Nale\u017cy jednak pami\u0119ta\u0107, \u017ce skuteczno\u015b\u0107 tropokolagenu w poprawie kondycji sk\u00f3ry mo\u017ce by\u0107 ograniczona, a jej efekty mog\u0105 by\u0107 widoczne dopiero po kilku tygodniach lub miesi\u0105cach regularnego stosowania.<br \/>\nEfekty zabiegu z tropokolagenem GUNA<br \/>\nRedukcja zmarszczek i poprawa napi\u0119cia sk\u00f3ry,<br \/>\nUj\u0119drnienie i odm\u0142odzenie sk\u00f3ry twarzy, szyi i dekoltu,<br \/>\nStymulacja produkcji kolagenu,<br \/>\nNaturalny efekt lifting bez skalpela<br \/>\nPoprawa elastyczno\u015bci sk\u00f3ry,<br \/>\nPrzebieg zabiegu i zalecenia po zabiegu<br \/>\nEfekty zabiegu z tropokolagenem<br \/>\nRedukcja zmarszczek i poprawa napi\u0119cia sk\u00f3ry,<br \/>\nUj\u0119drnienie i odm\u0142odzenie sk\u00f3ry twarzy, szyi i dekoltu,<br \/>\nStymulacja produkcji kolagenu,<br \/>\nNaturalny efekt lifting bez skalpela<br \/>\nPoprawa elastyczno\u015bci sk\u00f3ry,<br \/>\nPrzebieg zabiegu i zalecenia po zabiegu<br \/>\nmechanizm dzia\u0142ania tropokolagenu<br \/>\nZalety Tropokolagenu  w zabiegach kosmetycznych<br \/>\nTropokolagen  to jeden z rodzaj\u00f3w tropokolagenu typu I, kt\u00f3ry jest stosowany w zabiegach kosmetycznych i medycyny estetycznej. Posiada on wiele zalet, kt\u00f3re mog\u0105 przyci\u0105ga\u0107 klient\u00f3w do korzystania z tego rodzaju terapii.<\/p>\n<p>Oto niekt\u00f3re z zalet Tropokolagenu  w zabiegach kosmetycznych:<\/p>\n<p>stymuluje produkcj\u0119 naturalnego kolagenu w sk\u00f3rze, co mo\u017ce prowadzi\u0107 do poprawy jej j\u0119drno\u015bci i elastyczno\u015bci,<br \/>\npomaga zredukowa\u0107 widoczno\u015b\u0107 zmarszczek i linii mimicznych, poprawiaj\u0105c wygl\u0105d sk\u00f3ry,<br \/>\ndzia\u0142a na poziomie kom\u00f3rkowym, pomagaj\u0105c w regeneracji i od\u017cywianiu sk\u00f3ry, dzi\u0119ki czemu staje si\u0119 ona zdrowsza i bardziej promienna,<br \/>\nto bezinwazyjny zabieg, kt\u00f3ry nie wymaga d\u0142ugiej rekonwalescencji. Klienci mog\u0105 powr\u00f3ci\u0107 do swoich codziennych zaj\u0119\u0107 natychmiast po zabiegu.<br \/>\nTropokolagen Guna jest skuteczny w poprawie wygl\u0105du sk\u00f3ry, a jego efekty s\u0105 widoczne ju\u017c po jednym lub kilku zabiegach. Redukuje dzia\u0142anie wolnych rodnik\u00f3w, kt\u00f3re wp\u0142ywaj\u0105 na uszkodzenie w\u0142\u00f3kien kolagenowych. Jest bezpieczny i nie powoduje skutk\u00f3w ubocznych, takich jak zaczerwienienie, b\u00f3l czy obrz\u0119k. Warto jednak pami\u0119ta\u0107, \u017ce ka\u017cdy organizm jest inny i efekty zabiegu mog\u0105 si\u0119 r\u00f3\u017cni\u0107.<br \/>\nWskazania do zastosowania terapii tropokolagen<br \/>\nTropokolagen I mo\u017ce by\u0107 stosowany w r\u00f3\u017cnych zabiegach kosmetycznych, g\u0142\u00f3wnie w celu poprawy kondycji sk\u00f3ry. Oto kilka wskaza\u0144 do zastosowania w zabiegach kosmetycznych:<\/p>\n<p>starzenie si\u0119 sk\u00f3ry \u2013  pomaga w redukcji objaw\u00f3w starzenia si\u0119 sk\u00f3ry, takich jak zmarszczki, utrata elastyczno\u015bci i spr\u0119\u017cysto\u015bci.<br \/>\nsucho\u015b\u0107 sk\u00f3ry \u2013  pomaga w nawil\u017caniu sk\u00f3ry, co jest szczeg\u00f3lnie wa\u017cne w przypadku sk\u00f3ry suchej i odwodnionej.<br \/>\ntr\u0105dzik \u2013  mo\u017ce pom\u00f3c w leczeniu tr\u0105dziku, poniewa\u017c pomaga w regeneracji sk\u00f3ry i zmniejszeniu stan\u00f3w zapalnych.<br \/>\nblizny, znamiona i rozst\u0119py \u2013  mo\u017ce pom\u00f3c w redukcji widoczno\u015bci blizn i znamion na sk\u00f3rze, redukuje rozst\u0119py<br \/>\npoprawa j\u0119drno\u015bci sk\u00f3ry \u2013  pomaga w poprawie j\u0119drno\u015bci sk\u00f3ry, co jest szczeg\u00f3lnie wa\u017cne w przypadku utraty j\u0119drno\u015bci w wyniku procesu starzenia si\u0119 sk\u00f3ry lub znacznego ubytku wagi.<br \/>\npoprawa elastyczno\u015bci sk\u00f3ry \u2013 mo\u017ce pom\u00f3c w poprawie elastyczno\u015bci sk\u00f3ry, co jest szczeg\u00f3lnie wa\u017cne w przypadku sk\u00f3ry wiotkiej i zwiotcza\u0142ej.<br \/>\nnadmiar tkanki t\u0142uszczowej twarzy i cia\u0142a \u2013 przyczynia si\u0119 do usuni\u0119cia i wysmuklenia cia\u0142a w tzw. trudnych okolicach: p\u0119pek, nad kolanami, na biodrach, g\u00f3rnej i wewn\u0119trznej cz\u0119\u015bci ud oraz na ramionach (pelikany), drugi podbr\u00f3dek.<br \/>\ncellulit \u2013  wspomaga walk\u0119 z cellulitem, dzi\u0119ki wsparciu naczy\u0144 krwiono\u015bnych i uk\u0142adu limfatycznego.<br \/>\nWarto jednak pami\u0119ta\u0107, \u017ce jego wp\u0142yw na sk\u00f3r\u0119 mo\u017ce r\u00f3\u017cni\u0107 si\u0119 w zale\u017cno\u015bci od jego formy i \u017ar\u00f3d\u0142a, a tak\u017ce od indywidualnych potrzeb sk\u00f3ry. Przed  decyzj\u0105 o zabiegach kosmetycznych, zawsze warto skonsultowa\u0107 si\u0119 z kosmetologiem. <\/p>\n<p>Obszary zabiegowe mezoterapii tropokolagenem:<br \/>\nzmarszczki wok\u00f3\u0142 oczu, cienie pod oczami, worki pod oczami, dolina \u0142ez,<br \/>\nzmniejszenie zmarszczek na twarzy, szyi i dekolcie,<br \/>\nregeneracja sk\u00f3ry, fotostarzenie<br \/>\nodm\u0142adzanie d\u0142oni,<br \/>\nmiejscowe niwelowanie oznak starzenia si\u0119 sk\u00f3ry,<br \/>\nuj\u0119drnienie tkanki \u0142\u0105cznej,<br \/>\nlifting piersi (r\u00f3wnie\u017c mi\u0119dzy piersiami i fa\u0142dy pod piersiami)<br \/>\nstymulowanie wzrostu w\u0142os\u00f3w<br \/>\nbryczesy<br \/>\npelikany<br \/>\ntkanka t\u0142uszczowa <\/p>\n<p>drugi podbr\u00f3dek (owal twarzy)<br \/>\nwok\u00f3\u0142 p\u0119pka<br \/>\nnad kolanami<br \/>\npo wewn\u0119trznej stronie ud<br \/>\nleczenie blizn <\/p>\n<p>po operacjach,<br \/>\npo zabiegach laserowych,<br \/>\npo usuwaniu znamion,<br \/>\nleczenie rozst\u0119p\u00f3w <\/p>\n<p>w fazie zapalnej i zanikowej<br \/>\npowsta\u0142ych po utracie wagi lub odchudzaniu<br \/>\nw wyniku zmian hormonalnych<br \/>\nredukcja cellulitu <\/p>\n<p>ramiona<br \/>\nbrzuch<br \/>\nuda (r\u00f3wnie\u017c wewn\u0119trzna strona ud)<br \/>\npo\u015bladki<br \/>\ntropokolagen na co? co na j\u0119drno\u015b\u0107 sk\u00f3ry?<br \/>\nBiolifting czyli mezoterapia tropokolagenem guna<br \/>\nBiolifting tropokolagenem Guna to zabieg kosmetyczny, kt\u00f3ry wykorzystuje preparat zawieraj\u0105cy tropokolagen do poprawy kondycji sk\u00f3ry i sp\u0142ycenia zmarszczek. Preparat ten zawiera naturalny kolagen, kt\u00f3ry jest kluczowym sk\u0142adnikiem tkanki \u0142\u0105cznej sk\u00f3ry.<\/p>\n<p>Podczas zabiegu bioliftingu tropokolagenem Guna preparat jest aplikowany na sk\u00f3r\u0119 twarzy, szyi lub dekoltu. Dzi\u0119ki temu sk\u00f3ra jest nawil\u017cona, a kolagen wnika w jej struktur\u0119, co stymuluje produkcj\u0119 nowych w\u0142\u00f3kien kolagenowych. W wyniku tego sk\u00f3ra staje si\u0119 bardziej j\u0119drna, elastyczna i g\u0142adka, a zmarszczki i linie mimiczne s\u0105 znacznie sp\u0142ycane.<\/p>\n<p>Zabieg kolagenowy jest bezpieczny i nieinwazyjny, a jego efekty s\u0105 widoczne ju\u017c po pierwszej sesji. Zaleca si\u0119 jednak seri\u0119 zabieg\u00f3w w celu uzyskania d\u0142ugotrwa\u0142ych efekt\u00f3w. Biolifting tropokolagenem  jest skutecznym rozwi\u0105zaniem dla os\u00f3b z oznakami starzenia si\u0119 sk\u00f3ry, such\u0105 i zm\u0119czon\u0105 sk\u00f3r\u0105 oraz dla tych, kt\u00f3rzy chc\u0105 poprawi\u0107 kondycj\u0119 sk\u00f3ry w naturalny spos\u00f3b bez u\u017cycia inwazyjnych metod.<\/p>\n<p>Cena 200 z\u0142. za  1 ampu\u0142ka<\/p>\n<\/div><\/div> \n\n<\/div> \n<\/div><\/div><\/div>","protected":false},"excerpt":{"rendered":"<p>KOSMETOLOGIA MEDYCZNABOTOKS- likwidowanie zmarszczek Blokowanie receptor\u00f3w g\u0142odu botoxem botoks- bruksizm botoks- nadpotliwo\u015bci Botoks Full Face LIP FLIP \u2013 usta botoks NICI LIFTINGUJ\u0104CE HACZYKOWE 4D NICI LIFTINGUJ\u0104CE PDO NICI LIFTINGUJ\u0104CE PLLA POWI\u0118KSZANIE UST I WYPE\u0141NIANIE ZMARSZCZEK WOLUMETRIA OSOCZE BOGATOP\u0141YTKOWE, CZYLI WAMPIRZY LIFTING STYMULATORY TKANKOWE kwas polimlekowy tropokolagen radiesse profhilo- moleku\u0142a m\u0142odo\u015bci Neauvia stimulate Neauvia Hydro Deluxe [&hellip;]<\/p>\n","protected":false},"author":2,"featured_media":0,"parent":0,"menu_order":0,"comment_status":"closed","ping_status":"closed","template":"","meta":{"footnotes":""},"class_list":["post-2778","page","type-page","status-publish","hentry"],"_links":{"self":[{"href":"https:\/\/beauty-center.pl\/index.php\/wp-json\/wp\/v2\/pages\/2778","targetHints":{"allow":["GET"]}}],"collection":[{"href":"https:\/\/beauty-center.pl\/index.php\/wp-json\/wp\/v2\/pages"}],"about":[{"href":"https:\/\/beauty-center.pl\/index.php\/wp-json\/wp\/v2\/types\/page"}],"author":[{"embeddable":true,"href":"https:\/\/beauty-center.pl\/index.php\/wp-json\/wp\/v2\/users\/2"}],"replies":[{"embeddable":true,"href":"https:\/\/beauty-center.pl\/index.php\/wp-json\/wp\/v2\/comments?post=2778"}],"version-history":[{"count":1,"href":"https:\/\/beauty-center.pl\/index.php\/wp-json\/wp\/v2\/pages\/2778\/revisions"}],"predecessor-version":[{"id":2781,"href":"https:\/\/beauty-center.pl\/index.php\/wp-json\/wp\/v2\/pages\/2778\/revisions\/2781"}],"wp:attachment":[{"href":"https:\/\/beauty-center.pl\/index.php\/wp-json\/wp\/v2\/media?parent=2778"}],"curies":[{"name":"wp","href":"https:\/\/api.w.org\/{rel}","templated":true}]}}